{"id":1209,"date":"2020-10-14T22:59:53","date_gmt":"2020-10-14T20:59:53","guid":{"rendered":"http:\/\/geschichte-brandenburg.de\/wordpress\/?page_id=1209"},"modified":"2020-10-14T23:03:35","modified_gmt":"2020-10-14T21:03:35","slug":"52-band-2001","status":"publish","type":"page","link":"https:\/\/geschichte-brandenburg.de\/wordpress\/52-band-2001\/","title":{"rendered":"52. Band (2001)"},"content":{"rendered":"\n<ul class=\"wp-block-list\"><li>Engel, Evamaria: Ehemalige St\u00e4dte, St\u00e4dtchen und Flecken im Land Brandenburg, S. 7\u201329.<\/li><li>Dannenberg, Hans-Dieter: Bemerkungen zum mittelalterlichen M\u00fcnzwesen der Mark Brandenburg mit neuen Ergebnissen zu den Denarpr\u00e4gungen des 13. und 14. Jahrhunderts, S. 30\u201357.<\/li><li>Popp, Christian: Rytbeke und Ribbeck. Ein Beitrag zur Besitzgeschichte des Stendaler Stifts und zur mittelalterlichen Geschichte des Havellandes, S. 58\u201362.<\/li><li>Enders, Lieselott: Schicksale Heiligengraber Klosterfrauen in nachreformatorischer Zeit, S. 63\u201380.<\/li><li>Kohnke, Meta: Geschichte der j\u00fcdischen Gemeinde in Rathenow bis zum Erla\u00df des Emanzipationsedikts von 1812, S. 81\u2013110.<\/li><li>Mentzel, Friedrich-Franz: \u201eCollegii Praeceptorum Hallensii stehen in Potsdam auf einem so gef\u00e4hrlichen aber auch guten Posten.\u201c Die Auswirkungen des Franckeschen Pietismus auf das Gro\u00dfe Milit\u00e4rwaisenhaus in Potsdam, S. 111\u2013138.<\/li><li>Kloosterhuis, J\u00fcrgen: Der Husar aus dem Buch. Die Zietenbiographie der Frau von Blumenthal im Kontext der Pflege brandenburg-preu\u00dfischer Milit\u00e4rtradition um 1800, S. 139\u2013168.<\/li><li>Kunze, Peter: Die Sorbenpolitik in der Niederlausitz in der ersten H\u00e4lfte des 19. Jahrhunderts, S. 169\u2013195.<\/li><li>B\u00fccherschau, S. 196\u2013235.<\/li><li>Bibliographie 2001. Mit Nachtr\u00e4gen aus den Jahren 1999 und 2000. Bearb. von Dorothee Ge\u00dfner unter Mitarb. von Peter Bahl, S. 236\u2013248.<\/li><\/ul>\n","protected":false},"excerpt":{"rendered":"<p>Engel, Evamaria: Ehemalige St\u00e4dte, St\u00e4dtchen und Flecken im Land Brandenburg, S. 7\u201329. Dannenberg, Hans-Dieter: Bemerkungen zum mittelalterlichen M\u00fcnzwesen der Mark Brandenburg mit neuen Ergebnissen zu den Denarpr\u00e4gungen des 13. und [&hellip;]<\/p>\n","protected":false},"author":4,"featured_media":0,"parent":0,"menu_order":0,"comment_status":"closed","ping_status":"closed","template":"","meta":{"footnotes":""},"class_list":["post-1209","page","type-page","status-publish","hentry"],"_links":{"self":[{"href":"https:\/\/geschichte-brandenburg.de\/wordpress\/wp-json\/wp\/v2\/pages\/1209","targetHints":{"allow":["GET"]}}],"collection":[{"href":"https:\/\/geschichte-brandenburg.de\/wordpress\/wp-json\/wp\/v2\/pages"}],"about":[{"href":"https:\/\/geschichte-brandenburg.de\/wordpress\/wp-json\/wp\/v2\/types\/page"}],"author":[{"embeddable":true,"href":"https:\/\/geschichte-brandenburg.de\/wordpress\/wp-json\/wp\/v2\/users\/4"}],"replies":[{"embeddable":true,"href":"https:\/\/geschichte-brandenburg.de\/wordpress\/wp-json\/wp\/v2\/comments?post=1209"}],"version-history":[{"count":2,"href":"https:\/\/geschichte-brandenburg.de\/wordpress\/wp-json\/wp\/v2\/pages\/1209\/revisions"}],"predecessor-version":[{"id":1213,"href":"https:\/\/geschichte-brandenburg.de\/wordpress\/wp-json\/wp\/v2\/pages\/1209\/revisions\/1213"}],"wp:attachment":[{"href":"https:\/\/geschichte-brandenburg.de\/wordpress\/wp-json\/wp\/v2\/media?parent=1209"}],"curies":[{"name":"wp","href":"https:\/\/api.w.org\/{rel}","templated":true}]}}