{"id":1233,"date":"2020-10-15T10:21:14","date_gmt":"2020-10-15T08:21:14","guid":{"rendered":"http:\/\/geschichte-brandenburg.de\/wordpress\/?page_id=1233"},"modified":"2020-10-15T10:24:04","modified_gmt":"2020-10-15T08:24:04","slug":"48-band-1997","status":"publish","type":"page","link":"https:\/\/geschichte-brandenburg.de\/wordpress\/48-band-1997\/","title":{"rendered":"48. Band (1997)"},"content":{"rendered":"\n<ul class=\"wp-block-list\"><li>Harnisch, Harriet M.: Das Archiv der Familie St\u00fclpnagel auf Taschenberg \u2013 ein Urkundenbestand im Brandenburgischen Landeshauptarchiv, S. 7\u201336.<\/li><li>Enders, Lieselott: B\u00fcrgerlicher Kommunalismus zwischen Stadtherrschaft und Ratsobrigkeit in der Mark Brandenburg vom Ende des 15. bis zum Beginn des 17. Jahrhunderts, untersucht am Beispiel der Prignitz, S. 37\u201368.<\/li><li>Bahlcke, Joachim: Joachim vom Berge (1526\u20131602). Ein europ\u00e4ischer Gelehrter und Amtstr\u00e4ger aus dem schlesisch-s\u00e4chsisch-brandenburgischen Kulturbereich, S. 69\u201386.<\/li><li>Motsch, Christoph Josef: Herrschaft und Untert\u00e4nigkeit im Grenzg\u00fcrtel der Neumark, Hinterpommerns und Gro\u00dfpolens im 16. und 17. Jahrhundert, S. 87\u201399.<\/li><li>Sander, Oliver: Die Leib\u00e4rzte des Gro\u00dfen Kurf\u00fcrsten und die Entstehung des brandenburgischen Medizinaledikts von 1685, S. 100\u2013112.<\/li><li>Ziebura, Eva: Ein Fest f\u00fcr Amalie. Rheinsberg im Jahre 1766, S. 113\u2013126.<\/li><li>Pohl, Joachim: Stadtgeschichtsschreibung im Kaiserreich am Beispiel der \u201eUrkundlichen Geschichte der Stadt und Festung Spandau\u201c. Zur 150. Wiederkehr des Geburtstages von Otto Kuntzem\u00fcller, S. 127\u2013151.<\/li><li>Neugebauer, Wolfgang: Gustav Schmoller, Otto Hintze und die Arbeit an den Acta Borussica, S. 152\u2013202.<\/li><li>St\u0119pinski, W\u0142odzimierz: Neuere Forschungen zum Adel und zur Staatsverwaltung in Brandenburg und anderen deutschen L\u00e4ndern im 19. und 20. Jahrhundert, S. 203\u2013210.<\/li><li>Beck, Friedrich: Gr\u00fcndung einer Historischen Kommission des Landes Brandenburg, S. 211\u2013221.<\/li><li>B\u00fccherschau, S. 222\u2013255.<\/li><li>H(enning), E(ckart): Bibliographische Hinweise [auf Neuerscheinungen], S. 256\u2013257.<\/li><\/ul>\n","protected":false},"excerpt":{"rendered":"<p>Harnisch, Harriet M.: Das Archiv der Familie St\u00fclpnagel auf Taschenberg \u2013 ein Urkundenbestand im Brandenburgischen Landeshauptarchiv, S. 7\u201336. Enders, Lieselott: B\u00fcrgerlicher Kommunalismus zwischen Stadtherrschaft und Ratsobrigkeit in der Mark Brandenburg [&hellip;]<\/p>\n","protected":false},"author":2,"featured_media":0,"parent":0,"menu_order":0,"comment_status":"closed","ping_status":"closed","template":"","meta":{"footnotes":""},"class_list":["post-1233","page","type-page","status-publish","hentry"],"_links":{"self":[{"href":"https:\/\/geschichte-brandenburg.de\/wordpress\/wp-json\/wp\/v2\/pages\/1233","targetHints":{"allow":["GET"]}}],"collection":[{"href":"https:\/\/geschichte-brandenburg.de\/wordpress\/wp-json\/wp\/v2\/pages"}],"about":[{"href":"https:\/\/geschichte-brandenburg.de\/wordpress\/wp-json\/wp\/v2\/types\/page"}],"author":[{"embeddable":true,"href":"https:\/\/geschichte-brandenburg.de\/wordpress\/wp-json\/wp\/v2\/users\/2"}],"replies":[{"embeddable":true,"href":"https:\/\/geschichte-brandenburg.de\/wordpress\/wp-json\/wp\/v2\/comments?post=1233"}],"version-history":[{"count":2,"href":"https:\/\/geschichte-brandenburg.de\/wordpress\/wp-json\/wp\/v2\/pages\/1233\/revisions"}],"predecessor-version":[{"id":1235,"href":"https:\/\/geschichte-brandenburg.de\/wordpress\/wp-json\/wp\/v2\/pages\/1233\/revisions\/1235"}],"wp:attachment":[{"href":"https:\/\/geschichte-brandenburg.de\/wordpress\/wp-json\/wp\/v2\/media?parent=1233"}],"curies":[{"name":"wp","href":"https:\/\/api.w.org\/{rel}","templated":true}]}}