{"id":1254,"date":"2020-10-15T11:43:29","date_gmt":"2020-10-15T09:43:29","guid":{"rendered":"http:\/\/geschichte-brandenburg.de\/wordpress\/?page_id=1254"},"modified":"2021-12-26T15:34:21","modified_gmt":"2021-12-26T14:34:21","slug":"41-band-1990","status":"publish","type":"page","link":"https:\/\/geschichte-brandenburg.de\/wordpress\/41-band-1990\/","title":{"rendered":"41. Band (1990)"},"content":{"rendered":"\n<h3 class=\"wp-block-heading\">Dona Brandenburgica. Festschrift f\u00fcr Werner Vogel zum 60. Geburtstag.<br>Hrsg. von Eckart Henning und Wolfgang Neugebauer<\/h3>\n\n\n\n<ul class=\"wp-block-list\"><li>Henning, Eckart\/Neugebauer, Wolfgang: Widmung, S. 5\u20137.<\/li><li>Fritze, Wolfgang H.: Villae slavicae in der Mark Brandenburg. Zur Bedeutung eines urkundlichen Terminus des hohen Mittelalters im Bereich der Germania Slavica, S. 11\u201368.<\/li><li>Krausch, Heinz-Dieter: Die Gew\u00e4sserverh\u00e4ltnisse um B\u00f6tzow im Mittelalter und der Verlauf der Grenze zwischen den Alten und den Neuen Landen, S. 69\u201375.<\/li><li>P\u00f6tschke, Dieter: Sachsenspiegel und Glosse als Quellen des brandenburg-berlinischen Stadt- und Sch\u00f6ffenrechts, S. 76\u2013107.<\/li><li>Neitmann, Klaus: Der Deutsche Orden und die Anf\u00e4nge des ersten Hohenzollern in der Mark Brandenburg. Eine kommentierte Quellenedition, S. 108\u2013140.<\/li><li>Gundermann, Iselin: Kurf\u00fcrst Joachim II. von Brandenburg und Herzog Albrecht von Preu\u00dfen, S. 141\u2013164.<\/li><li>Ribbe, Wolfgang: Modernisierung und Beharrung. Aspekte der Kirchenpolitik der brandenburgischen Hohenzollern im Spannungsfeld von innerkirchlichen Reformbestrebungen und Reformation, S. 165\u2013179.<\/li><li>Hahn, Peter-Michael: Ein brandenburgischer Bericht \u00fcber den Zug der Schwarzen Reiter 1587 nach Frankreich, S. 180\u2013202.<\/li><li>Enders, Lieselott: Vom Ackerknecht zum Gutsbesitzer. Ein m\u00f6glicher Aufstieg im fr\u00fchen 18. Jahrhundert, S. 203\u2013215 [Peter Zimmermann, P\u00e4chter].<\/li><li>Bli\u00df, Winfried: Fr\u00fche Karten brandenburgischer Landst\u00e4dte im Geheimen Staatsarchiv, S. 216\u2013225.<\/li><li>Neugebauer, Wolfgang: Bildungsreformen vor Wilhelm von Humboldt. Am Beispiel der Mark Brandenburg, S. 226\u2013249.<\/li><li>Mangelsdorf, G\u00fcnter: Leopold von Ledebur und die Anf\u00e4nge der Ur- und Fr\u00fchgeschichtsforschung im westlichen Brandenburg, S. 250\u2013256.<\/li><li>Heinrich, Gerd: Die preu\u00dfische Muster-Stadt. Eine Einf\u00fchrung in die Geschichte Neuruppins im 19. und 20. Jahrhundert, S. 257\u2013278.<\/li><li>Wiese, Joachim: Die Entwicklung des Berlinischen von der st\u00e4dtischen zur gro\u00dflandschaftlichen Umgangssprache, S. 279\u2013282.<\/li><li>Escher, Felix: Ortsbeh\u00f6rde, Wohnungsreform und Staatsverwaltung. Von den Problemen einer Stra\u00dfenbenennung im Kreis Teltow von 1914, S. 283\u2013290 [Berlin-Britz].<\/li><li>Henning, Eckart: Das Archiv zur Geschichte der Max-Planck-Gesellschaft- Vorbereitung, Gr\u00fcndung und Anfangsjahre einer Berliner Forschungsst\u00e4tte f\u00fcr Wissenschaftsgeschichte (1975\u20131990), S. 291\u2013320.<\/li><li>Bahl, Peter: \u00dcbersicht \u00fcber die Best\u00e4nde des Archivs der Landesgeschichtlichen Vereinigung f\u00fcr die Mark Brandenburg, S. 321\u2013338.<\/li><li>Wegeleben, Christel: Verzeichnis der Ver\u00f6ffentlichungen von Werner Vogel. 1955\u20131990, S. 339\u2013356.<\/li><\/ul>\n","protected":false},"excerpt":{"rendered":"<p>Dona Brandenburgica. Festschrift f\u00fcr Werner Vogel zum 60. Geburtstag.Hrsg. von Eckart Henning und Wolfgang Neugebauer Henning, Eckart\/Neugebauer, Wolfgang: Widmung, S. 5\u20137. Fritze, Wolfgang H.: Villae slavicae in der Mark Brandenburg. [&hellip;]<\/p>\n","protected":false},"author":2,"featured_media":0,"parent":0,"menu_order":0,"comment_status":"closed","ping_status":"closed","template":"","meta":{"footnotes":""},"class_list":["post-1254","page","type-page","status-publish","hentry"],"_links":{"self":[{"href":"https:\/\/geschichte-brandenburg.de\/wordpress\/wp-json\/wp\/v2\/pages\/1254","targetHints":{"allow":["GET"]}}],"collection":[{"href":"https:\/\/geschichte-brandenburg.de\/wordpress\/wp-json\/wp\/v2\/pages"}],"about":[{"href":"https:\/\/geschichte-brandenburg.de\/wordpress\/wp-json\/wp\/v2\/types\/page"}],"author":[{"embeddable":true,"href":"https:\/\/geschichte-brandenburg.de\/wordpress\/wp-json\/wp\/v2\/users\/2"}],"replies":[{"embeddable":true,"href":"https:\/\/geschichte-brandenburg.de\/wordpress\/wp-json\/wp\/v2\/comments?post=1254"}],"version-history":[{"count":3,"href":"https:\/\/geschichte-brandenburg.de\/wordpress\/wp-json\/wp\/v2\/pages\/1254\/revisions"}],"predecessor-version":[{"id":1627,"href":"https:\/\/geschichte-brandenburg.de\/wordpress\/wp-json\/wp\/v2\/pages\/1254\/revisions\/1627"}],"wp:attachment":[{"href":"https:\/\/geschichte-brandenburg.de\/wordpress\/wp-json\/wp\/v2\/media?parent=1254"}],"curies":[{"name":"wp","href":"https:\/\/api.w.org\/{rel}","templated":true}]}}