{"id":161,"date":"2020-09-25T10:14:19","date_gmt":"2020-09-25T08:14:19","guid":{"rendered":"http:\/\/geschichte-brandenburg.de\/wordpress\/?page_id=161"},"modified":"2026-04-26T10:25:40","modified_gmt":"2026-04-26T08:25:40","slug":"vorstand","status":"publish","type":"page","link":"https:\/\/geschichte-brandenburg.de\/wordpress\/vorstand\/","title":{"rendered":"Vorstand und Geehrte"},"content":{"rendered":"\n<h2 class=\"wp-block-heading\">Vorstand<\/h2>\n\n\n\n<p><strong>Vorsitzender:<\/strong> Dr. Peter Bahl<br><strong>Stellv. Vorsitzende:<\/strong> Dr. Anke Gei\u00dfler-Gr\u00fcnberg<br><strong>Stellv. Vorsitzender:<\/strong> Prof. Dr. Frank G\u00f6se<br><strong>Schriftf\u00fchrerin:<\/strong> Annett Xenia Schulz<br><strong>Schatzmeister:<\/strong> Dr. Wolther von Kieseritzky<br><strong>Archivar:<\/strong> Dr. Peter Bahl<br><strong>Bibliothekar:<\/strong> Fabian Rohde<br><strong>Beisitzer:<\/strong> Dr. Marcus Cante, Dr. Felix Engel, Dr. Matthias Helle, Dr. Peter Kn\u00fcvener, Dr. Ines Oberling, Mathias Schebera, Dr. Reinhard Schmook, Dirk Schumann M.A., Gerhard Weiduschat<br><br><strong>Exkursionsausschuss:<\/strong> Dr. Iris Berndt, Dr. Harald Engler, Marion Feise M.A., Dr. Christian Gahlbeck, Dr. Benedikt Goebel, PD Dr. Andreas J\u00fcttemann, Bernd Kopplin, Christian Ritter, Gordon Thalmann M.A., Dr. Fritz Wochnik, Kristin Wolter, Ingrid Zache.<\/p>\n\n\n\n<p><strong>Bibliotheks- und Archiv-Ausschuss:<\/strong> Dr. Peter Bahl, Fabian Rohde; Astrid Bahl, J\u00fcrgen Bahl, Dr. Iris Berndt, Manfred Funke, Udo Geiseler, Stefan Guzy, Dr. Matthias Helle, Wolfram H\u00fcnich, Robert Piotrowski, Kerstin Riekehr, Christian Ritter, Hilmar Schermall, Kristin Wolter, Ingrid Zache.<\/p>\n\n\n\n<h2 class=\"wp-block-heading\">Geehrte<\/h2>\n\n\n\n<p><strong>Ehrenvorsitzender<\/strong><br>Dr. Felix Escher \u2020 (seit 2017) (\u2020 1. Januar 2026)<\/p>\n\n\n\n<p><strong>Ehrenmitglieder<\/strong><br>Prof. Dr. Ernst Badst\u00fcbner (2011)<br>Dr. Sibylle Badst\u00fcbner-Gr\u00f6ger (2011)<br>Prof. Dr. Friedrich Beck (2001)<br>Prof. Dr. Helmut B\u00f6rsch-Supan (2014)<br>Dr. Felix Escher \u2020 (2006) (\u2020 1. Januar 2026)<br><br><strong>Korrespondierende Mitglieder<\/strong><br>Torsten Foelsch (2016)<br><br><strong>Inhaber der Fontane-Plakette<\/strong><br>F\u00fcr langj\u00e4hrige Mitgliedschaft in Verbindung mit besonderen Verdiensten um die Vereinigung wird die 1911 von Paul Matzdorf geschaffene &#8222;Fontane-Plakette&#8220; verliehen. Eine <a href=\"http:\/\/geschichte-brandenburg.de\/wordpress\/wp-content\/uploads\/2020\/09\/fontane-plakette.pdf\" target=\"_blank\" rel=\"noreferrer noopener\">\u00dcbersicht \u00fcber die Verleihungen der Fontane-Plakette von 1911 bis 2007<\/a> ist im Band &#8222;Die Landesgeschichtliche Vereinigung f\u00fcr die Mark Brandenburg in Vergangenheit und Gegenwart&#8220; erschienen.<br>Die lebenden und die seit 2009 verstorbenen Inhaber sind:<br>Zbigniew Czarnuch \u2020 (2015) (\u2020 22. September 2024)<br>Dr. Felix Escher \u2020 (1999) (\u2020 1. Januar 2026)<br>Prof. Dr. Hubertus Fischer (2019)<br>Prof. Dr. Eckart Henning M.A. (1997)<br>Dipl.-Ing. Andreas Kalesse (2018)<br>Bernd Kopplin (2024)<br>Dr. Hans-J\u00fcrgen Rach \u2020 (2018) (\u2020 1. Mai 2024)<br>Dr. Reinhard Schmook (2017)<br>Gerhard Weiduschat (2009)<br>Ingrid Zache (2024)<\/p>\n\n\n\n<p><\/p>\n","protected":false},"excerpt":{"rendered":"<p>Vorstand Vorsitzender: Dr. Peter BahlStellv. Vorsitzende: Dr. Anke Gei\u00dfler-Gr\u00fcnbergStellv. Vorsitzender: Prof. Dr. Frank G\u00f6seSchriftf\u00fchrerin: Annett Xenia SchulzSchatzmeister: Dr. Wolther von KieseritzkyArchivar: Dr. Peter BahlBibliothekar: Fabian RohdeBeisitzer: Dr. Marcus Cante, Dr. [&hellip;]<\/p>\n","protected":false},"author":2,"featured_media":0,"parent":0,"menu_order":0,"comment_status":"closed","ping_status":"closed","template":"","meta":{"footnotes":""},"class_list":["post-161","page","type-page","status-publish","hentry"],"_links":{"self":[{"href":"https:\/\/geschichte-brandenburg.de\/wordpress\/wp-json\/wp\/v2\/pages\/161","targetHints":{"allow":["GET"]}}],"collection":[{"href":"https:\/\/geschichte-brandenburg.de\/wordpress\/wp-json\/wp\/v2\/pages"}],"about":[{"href":"https:\/\/geschichte-brandenburg.de\/wordpress\/wp-json\/wp\/v2\/types\/page"}],"author":[{"embeddable":true,"href":"https:\/\/geschichte-brandenburg.de\/wordpress\/wp-json\/wp\/v2\/users\/2"}],"replies":[{"embeddable":true,"href":"https:\/\/geschichte-brandenburg.de\/wordpress\/wp-json\/wp\/v2\/comments?post=161"}],"version-history":[{"count":37,"href":"https:\/\/geschichte-brandenburg.de\/wordpress\/wp-json\/wp\/v2\/pages\/161\/revisions"}],"predecessor-version":[{"id":3198,"href":"https:\/\/geschichte-brandenburg.de\/wordpress\/wp-json\/wp\/v2\/pages\/161\/revisions\/3198"}],"wp:attachment":[{"href":"https:\/\/geschichte-brandenburg.de\/wordpress\/wp-json\/wp\/v2\/media?parent=161"}],"curies":[{"name":"wp","href":"https:\/\/api.w.org\/{rel}","templated":true}]}}