{"id":165,"date":"2020-09-25T10:15:43","date_gmt":"2020-09-25T08:15:43","guid":{"rendered":"http:\/\/geschichte-brandenburg.de\/wordpress\/?page_id=165"},"modified":"2020-10-04T15:37:50","modified_gmt":"2020-10-04T13:37:50","slug":"satzung","status":"publish","type":"page","link":"https:\/\/geschichte-brandenburg.de\/wordpress\/satzung\/","title":{"rendered":"Satzung"},"content":{"rendered":"\n<p><a href=\"http:\/\/geschichte-brandenburg.de\/wordpress\/wp-content\/uploads\/2020\/10\/LGV-Satzung_aktuell2020.pdf\" target=\"_blank\" rel=\"noreferrer noopener\">[PDF, 266 KB]<\/a><\/p>\n\n\n\n<p><strong>\u00a7 1 Name, Sitz und Gesch\u00e4ftsjahr<\/strong><br>Die \u201eLandesgeschichtliche Vereinigung f\u00fcr die Mark Brandenburg e.V. gegr. 1884\u201c ist am 27. Mai 1884 als \u201eTouristenclub f\u00fcr die Mark Brandenburg\u201c in Berlin gegr\u00fcndet worden und hat im Jahre 1935 den jetzigen Namen an-genommen. Die Vereinigung wurde am 19. Januar 1949 in das Vereinsregister des Amtsgerichts Charlottenburg eingetragen. Die Vereinigung verfolgt ausschlie\u00dflich und unmittelbar gemeinn\u00fctzige Zwecke im Sinne des Ab-schnitts \u201eSteuerbeg\u00fcnstigte Zwecke\u201c der Abgabenordnung. Sie hat ihren Sitz in Berlin. Das Gesch\u00e4ftsjahr ist das Kalenderjahr.<\/p>\n\n\n\n<p><strong>\u00a7 2 Zweck und Aufgaben<\/strong><br>Die Vereinigung soll ihren Mitgliedern Gelegenheit zu gemeinsamer Arbeit auf den Gebieten der Geschichte und Landeskunde Brandenburgs und Berlins geben und die Kenntnis der Kunst-, Kultur- und Naturdenkm\u00e4ler vermitteln. Sie will ferner helfen,<\/p>\n\n\n\n<ul class=\"wp-block-list\"><li>die wissenschaftliche Forschungsarbeit der brandenburgischen Landesgeschichte zu f\u00f6rdern,<\/li><li>die Verbindung zwischen den brandenburgischen und berlinischen geschichtswissenschaftlichen Institutionen, Museen, Bibliotheken, Archiven sowie Vereinen und der \u00d6ffentlichkeit zu vertiefen,<\/li><li>den Studierenden der brandenburgischen Landesgeschichte f\u00f6rderlich zu sein,<\/li><li>den geschichtlichen Sinn und die geschichtlichen Erkenntnisse zu pflegen.<\/li><\/ul>\n\n\n\n<p>Diesen Aufgaben dienen:<\/p>\n\n\n\n<ol class=\"wp-block-list\"><li>\u00d6ffentliche Vortr\u00e4ge und Tagungen,<\/li><li>Wanderungen, Studienfahrten, F\u00fchrungen und Besichtigungen,<\/li><li>Anregung und F\u00f6rderung landesgeschichtlicher Arbeiten,<\/li><li>Herausgabe des \u201eMitteilungsblattes\u201c, des \u201eJahrbuches f\u00fcr brandenburgische Landesgeschichte\u201c und anderer landesgeschichtlicher Ver\u00f6ffentlichungen,<\/li><li>Unterhalt und Vermehrung der Vereinsbibliothek und des Vereinsarchivs sowie deren Bereitstellung f\u00fcr \u00f6ffentliche Benutzung. Bibliothek und Archiv haben ihren Sitz in Berlin.<br>Der Zweck der Vereinigung ist nicht auf einen wirtschaftlichen Gesch\u00e4ftsbetrieb gerichtet. Der Vereinigung ist selbstlos t\u00e4tig; sie verfolgt nicht in erster Linie eigenwirtschaftliche Zwecke. Die Mittel der Vereinigung d\u00fcrfen nur f\u00fcr die satzungsm\u00e4\u00dfigen Zwecke verwendet werden. Die Mitglieder erhalten keine Zuwendungen aus Mitteln der Vereinigung. Es darf keine Person durch Ausgaben, die dem Zweck der Vereinigung fremd sind, oder durch unverh\u00e4ltnism\u00e4\u00dfig hohe Verg\u00fctungen beg\u00fcnstigt werden.<\/li><\/ol>\n\n\n\n<p><strong>\u00a7 3 Mitgliedschaft und Beitr\u00e4ge<\/strong><br>Mitglied kann jeder werden, der bereit ist, an den genannten Aufgaben mitzuarbeiten, und sich verpflichtet, den von der Hauptversammlung festgesetzten Jahresbeitrag an die Vereinigung zu zahlen. \u00dcber die Aufnahme entscheidet nach Absprache im Gesamtvorstand der gesch\u00e4ftsf\u00fchrende Vorstand, an den die Anmeldung zu richten ist.<\/p>\n\n\n\n<p>Die Mitgliedschaft erlischt<\/p>\n\n\n\n<ol style=\"list-style-type: lower-alpha;\">\n<li>durch Tod,<\/li>\n<li>durch freiwilligen Austritt, der nur schriftlich unter Einhaltung einer Frist von drei Monaten zum Schlu&szlig; des laufenden Gesch&auml;ftsjahres erkl&auml;rt werden kann,<\/li>\n<li>durch Ausschlu&szlig; auf Grund eines Vorstandsbeschlusses.<br data-rich-text-line-break=\"true\" \/>Der Ausschlu&szlig; erfolgt, wenn ein wichtiger Grund vorliegt, wie ehrenr&uuml;hriges Verhalten, Zuwiderhandlungen gegen die Vereinsziele usw.<br data-rich-text-line-break=\"true\" \/>Der Ausschlu&szlig; kann auch erfolgen, wenn ein Mitglied ein Jahr lang mit seinem Beitrag im R&uuml;ckstand geblieben ist und trotz Mahnung binnen vier Wochen seiner Beitragspflicht nicht nachkommt.<br data-rich-text-line-break=\"true\" \/>Der Ausgeschlossene hat das Recht, binnen vier Wochen nach Empfang der Mitteilung bei der Mitgliederversammlung Berufung einzulegen, die &uuml;ber den Ausschlu&szlig; dann endg&uuml;ltig entscheidet.<\/li>\n<\/ol>\n\n\n\n<p><strong>\u00a7 4 Vorstand<\/strong><br>Der Vorstand und die Kassenpr\u00fcfer werden von der Hauptversammlung auf die Dauer von zwei Gesch\u00e4ftsjahren gew\u00e4hlt.<br>Der Vorstand besteht aus<\/p>\n\n\n\n<ol style=\"list-style-type: lower-alpha;\">\n<li>dem Vorsitzenden,<\/li>\n<li>den beiden stellvertretenden Vorsitzenden,<\/li>\n<li>dem Schriftf&uuml;hrer,<\/li>\n<li>dem Schatzmeister,<\/li>\n<li>dem Archivar,<\/li>\n<li>dem Bibliothekar,<\/li>\n<li>den Beisitzern, deren Zahl die Hauptversammlung bestimmt.<\/li>\n<\/ol>\n\n\n\n<p>Der gesch\u00e4ftsf\u00fchrende Vorstand im Sinne des \u00a7 26 BGB besteht ausdem Vorsitzenden,<\/p>\n\n\n\n<ol style=\"list-style-type: lower-alpha;\">\n<li>dem Vorsitzenden,<\/li>\n<li>den beiden stellvertretenden Vorsitzenden,<\/li>\n<li>dem Schriftf&uuml;hrer.<\/li>\n<\/ol>\n\n\n\n<p>Die Vereinigung wird durch zwei der unter a), b) und c) genannten Vorstandsmitglieder gemeinsam vertreten.<br>F\u00fcr die Vorbereitung und Leitung von Wanderungen und sonstigen Veranstaltungen kann sich der Vorstand durch einen Arbeitsausschu\u00df erweitern und besondere Aussch\u00fcsse bilden. St\u00e4ndige Aussch\u00fcsse sind Exkursionsausschu\u00df und Bibliotheks- und Archivausschu\u00df. Der Vorsitzende hat das Recht, an jeder Ausschu\u00dfsitzung mit beratender Stimme teilzunehmen.<\/p>\n\n\n\n<p>&nbsp;<\/p>\n\n\n\n<p><strong>\u00a7 5 Mitgliederversammlung<\/strong><br>Mindestens einmal im Jahr findet eine Mitgliederversammlung statt, die \u00fcber Antr\u00e4ge Beschlu\u00df fassen kann.<br>In jedem zweiten Jahr wird anstelle einer Mitgliederversammlung eine ordentliche Hauptversammlung unter Angabe der Tagesordnung, bei Satzungs\u00e4nderung unter Angabe der geplanten Neufassung, schriftlich einberufen.<br>Die Aufgaben der ordentlichen Hauptversammlung sind<\/p>\n\n\n\n<ol style=\"list-style-type: lower-alpha;\">\n<li>Entgegennahme der T&auml;tigkeits- und Kassenberichte und die Entlastung des Vorstandes,<\/li>\n<li>Wahl oder Erg&auml;nzung des Vorstandes,<\/li>\n<li>Wahl von zwei Kassenpr&uuml;fern,<\/li>\n<li>Wahl der Ausschu&szlig;-Mitglieder,<\/li>\n<li>Beschlu&szlig;fassung &uuml;ber Antr&auml;ge,<\/li>\n<li>Festsetzung des Mitgliedsbeitrages,<\/li>\n<li>Beschlu&szlig;fassung &uuml;ber die Aufl&ouml;sung der Vereinigung.<\/li>\n<\/ol>\n\n\n\n<p>Eine au\u00dferordentliche Hauptversammlung mu\u00df einberufen werden, wenn<\/p>\n\n\n\n<ol class=\"wp-block-list\"><li>die Mehrheit des Vorstandes sie f\u00fcr erforderlich erachtet,<\/li><li>mindestens 10 % der Mitglieder sie schriftlich mit Begr\u00fcndung beim Vorstand beantragen.<\/li><\/ol>\n\n\n\n<p>Antr\u00e4ge f\u00fcr die Versammlungen sind mindestens 10 Tage vorher dem Schriftf\u00fchrer einzureichen.<br>\u00dcber die Beschl\u00fcsse der Mitglieder- und Hauptversammlungen ist vom Schriftf\u00fchrer eine Niederschrift anzufertigen, die von ihm und vom Vorsitzenden zu unterzeichnen ist.<\/p>\n\n\n\n<p><strong>\u00a7 6 Aufl\u00f6sung<\/strong><br>Bei Aufl\u00f6sung oder Aufhebung der Vereinigung oder bei Wegfall steuerbeg\u00fcnstigter Zwecke f\u00e4llt das Verm\u00f6gen der Vereinigung an eine K\u00f6rperschaft oder Stiftung des \u00f6ffentlichen Rechts oder als steuerbeg\u00fcnstigt besonders anerkannte K\u00f6rperschaft in Berlin oder Brandenburg zwecks Verwendung auf den Gebieten der Geschichte und Landeskunde Brandenburgs und Berlins.<\/p>\n\n\n\n<p>Berlin, den 27. Januar 2000.<\/p>\n","protected":false},"excerpt":{"rendered":"<p>[PDF, 266 KB] \u00a7 1 Name, Sitz und Gesch\u00e4ftsjahrDie \u201eLandesgeschichtliche Vereinigung f\u00fcr die Mark Brandenburg e.V. gegr. 1884\u201c ist am 27. Mai 1884 als \u201eTouristenclub f\u00fcr die Mark Brandenburg\u201c in [&hellip;]<\/p>\n","protected":false},"author":2,"featured_media":0,"parent":0,"menu_order":0,"comment_status":"closed","ping_status":"closed","template":"","meta":{"footnotes":""},"class_list":["post-165","page","type-page","status-publish","hentry"],"_links":{"self":[{"href":"https:\/\/geschichte-brandenburg.de\/wordpress\/wp-json\/wp\/v2\/pages\/165","targetHints":{"allow":["GET"]}}],"collection":[{"href":"https:\/\/geschichte-brandenburg.de\/wordpress\/wp-json\/wp\/v2\/pages"}],"about":[{"href":"https:\/\/geschichte-brandenburg.de\/wordpress\/wp-json\/wp\/v2\/types\/page"}],"author":[{"embeddable":true,"href":"https:\/\/geschichte-brandenburg.de\/wordpress\/wp-json\/wp\/v2\/users\/2"}],"replies":[{"embeddable":true,"href":"https:\/\/geschichte-brandenburg.de\/wordpress\/wp-json\/wp\/v2\/comments?post=165"}],"version-history":[{"count":26,"href":"https:\/\/geschichte-brandenburg.de\/wordpress\/wp-json\/wp\/v2\/pages\/165\/revisions"}],"predecessor-version":[{"id":572,"href":"https:\/\/geschichte-brandenburg.de\/wordpress\/wp-json\/wp\/v2\/pages\/165\/revisions\/572"}],"wp:attachment":[{"href":"https:\/\/geschichte-brandenburg.de\/wordpress\/wp-json\/wp\/v2\/media?parent=165"}],"curies":[{"name":"wp","href":"https:\/\/api.w.org\/{rel}","templated":true}]}}