{"id":1660,"date":"2021-12-26T18:05:08","date_gmt":"2021-12-26T17:05:08","guid":{"rendered":"https:\/\/geschichte-brandenburg.de\/wordpress\/?page_id=1660"},"modified":"2021-12-26T19:03:10","modified_gmt":"2021-12-26T18:03:10","slug":"30-band-1979","status":"publish","type":"page","link":"https:\/\/geschichte-brandenburg.de\/wordpress\/30-band-1979\/","title":{"rendered":"30. Band (1979)"},"content":{"rendered":"\n<ul class=\"wp-block-list\"><li>K\u00fcchler, Gerhard: Dank an den Schriftleiter des Jahrbuchs f\u00fcr brandenburgische Landesgeschichte 1963\u20131978, Dr. Werner Vogel, S. 5.<\/li><li>Stengel, Walter: Chronik des M\u00e4rkischen Museums der Stadt Berlin. [Aus dem Nachla\u00df hrsg. von Eckart Henning], S. 7\u201351.<\/li><li>Liefert, Walter: Zur Entwicklung des Werks- und Industriebaus in Berlin und der Mark Brandenburg, S. 52\u201399.<\/li><li>St\u00fcrzebecher, Horst: Vom Ursprung der Stadt Teltow, S. 100\u2013107.<\/li><li>Herold, Hans-J\u00f6rg: Vorg\u00e4nge um das Testament des Kurf\u00fcrsten Johann Georg von Brandenburg, S. 108\u2013114.<\/li><li>Seiler, Michael: Die Laiti\u00e8re des Bildhauers Pawel Petrowitsch Sokolow im Pleasureground zu Klein-Glienicke, S. 115\u2013122.<\/li><li>Marker, Johann: Ernst von Pfuels Leben und Wirken in Berlin. Zu seinem 200. Geburtstag am 3. November 1979, S. 123\u2013132.<\/li><li>K\u00fcchler, Gerhard: 150 Jahre Buchhandlung Friedrich Meissner in Luckau, S. 133\u2013136.<\/li><li>B\u00fccherschau, S. 137\u2013156.<\/li><li>Vogel, Werner: Aus dem Leben der Vereinigung [T\u00e4tigkeitsbericht 1978\/79], S. 157\u2013162.<\/li><\/ul>\n\n\n\n<p><\/p>\n","protected":false},"excerpt":{"rendered":"<p>K\u00fcchler, Gerhard: Dank an den Schriftleiter des Jahrbuchs f\u00fcr brandenburgische Landesgeschichte 1963\u20131978, Dr. Werner Vogel, S. 5. Stengel, Walter: Chronik des M\u00e4rkischen Museums der Stadt Berlin. [Aus dem Nachla\u00df hrsg. [&hellip;]<\/p>\n","protected":false},"author":2,"featured_media":0,"parent":0,"menu_order":0,"comment_status":"closed","ping_status":"closed","template":"","meta":{"footnotes":""},"class_list":["post-1660","page","type-page","status-publish","hentry"],"_links":{"self":[{"href":"https:\/\/geschichte-brandenburg.de\/wordpress\/wp-json\/wp\/v2\/pages\/1660","targetHints":{"allow":["GET"]}}],"collection":[{"href":"https:\/\/geschichte-brandenburg.de\/wordpress\/wp-json\/wp\/v2\/pages"}],"about":[{"href":"https:\/\/geschichte-brandenburg.de\/wordpress\/wp-json\/wp\/v2\/types\/page"}],"author":[{"embeddable":true,"href":"https:\/\/geschichte-brandenburg.de\/wordpress\/wp-json\/wp\/v2\/users\/2"}],"replies":[{"embeddable":true,"href":"https:\/\/geschichte-brandenburg.de\/wordpress\/wp-json\/wp\/v2\/comments?post=1660"}],"version-history":[{"count":2,"href":"https:\/\/geschichte-brandenburg.de\/wordpress\/wp-json\/wp\/v2\/pages\/1660\/revisions"}],"predecessor-version":[{"id":1717,"href":"https:\/\/geschichte-brandenburg.de\/wordpress\/wp-json\/wp\/v2\/pages\/1660\/revisions\/1717"}],"wp:attachment":[{"href":"https:\/\/geschichte-brandenburg.de\/wordpress\/wp-json\/wp\/v2\/media?parent=1660"}],"curies":[{"name":"wp","href":"https:\/\/api.w.org\/{rel}","templated":true}]}}