{"id":215,"date":"2020-09-25T12:12:13","date_gmt":"2020-09-25T10:12:13","guid":{"rendered":"http:\/\/geschichte-brandenburg.de\/wordpress\/?page_id=215"},"modified":"2026-01-12T12:16:20","modified_gmt":"2026-01-12T11:16:20","slug":"jahrbuch-fuer-brandenburgische-landesgeschichte","status":"publish","type":"page","link":"https:\/\/geschichte-brandenburg.de\/wordpress\/jahrbuch-fuer-brandenburgische-landesgeschichte\/","title":{"rendered":"Jahrbuch f\u00fcr brandenburgische Landesgeschichte"},"content":{"rendered":"\n<p>Die f\u00fchrende historische Zeitschrift f\u00fcr Mark und Land Brandenburg erscheint seit 1950. Herausgegeben im Auftrag der Landesgeschichtlichen Vereinigung f\u00fcr die Mark Brandenburg von Dr. Peter Bahl, Dr. Clemens Bergstedt, Dr. Felix Engel und Prof. Dr. Frank G\u00f6se. Umfang: etwa 300 Seiten. Festeinband, Fadenheftung. ISSN 0447-2683.<\/p>\n\n\n\n<p><strong>Aktuelles<\/strong><br>Band 75 (2024) ist im September 2025 erschienen.<br>Band 76 (2025) befindet sich in Vorbereitung, erscheint im Fr\u00fchjahr 2026.<br>Band 77 (2026): Redaktionsschluss: 30. Juni 2026.<\/p>\n\n\n\n<p><\/p>\n\n\n\n<p><strong>Inhalt<\/strong><\/p>\n\n\n\n<ul class=\"wp-block-list\">\n<li>etwa acht bis zehn Aufs\u00e4tze zu den verschiedensten Themen und Epochen der brandenburgischen Landesgeschichte, auch Kunst-, Wissenschafts-, Siedlungsgeschichte usw.<\/li>\n\n\n\n<li>etwa 30 Buchbesprechungen<\/li>\n\n\n\n<li>Bibliographie der Neuerscheinungen<\/li>\n\n\n\n<li>T\u00e4tigkeitsberichte der Landesgeschichtlichen Vereinigung sowie landesgeschichtlicher Kommissionen und Institutionen<\/li>\n<\/ul>\n\n\n\n<p><strong>Kontakt<\/strong> (Schriftleitung)<br>Dr. Felix Engel<br>Landesgeschichtliche Vereinigung f\u00fcr die Mark Brandenburg e.V.<br>Tangerm\u00fcnder Str. 69d<br>39517 Tangerh\u00fctte OT L\u00fcderitz<br>email: jblg[at]geschichte-brandenburg.de<br><br><strong>Manuskripte<br><\/strong>Autorinnen und Autoren werden gebeten, die <a href=\"http:\/\/geschichte-brandenburg.de\/wordpress\/wp-content\/uploads\/2020\/09\/JBLG-Richtlinien.pdf\" target=\"_blank\" rel=\"noreferrer noopener\">Richtlinien zur Manuskriptgestaltung<\/a> [PDF, 146 KB] zu beachten.<br><br><strong>Bezug<\/strong><br>F\u00fcr Vereinsmitglieder ist der Bezug von <strong>Jahrbuch und Mitteilungsblatt<\/strong> im Mitgliedsbeitrag enthalten.<br>Buchhandelspreis des Jahrbuchs \u20ac 19,50.<br>Bestellungen bitte an: Landesgeschichtliche Vereinigung f\u00fcr die Mark Brandenburg e.V., Breite Stra\u00dfe 30&#8211;36, 10178 Berlin, email: bibliothek[at]geschichte-brandenburg.de<\/p>\n\n\n\n<p><strong>Digitalisate<br><\/strong>2011 ist der <strong><a rel=\"noreferrer noopener\" href=\"https:\/\/edoc.hu-berlin.de\/handle\/18452\/104\" target=\"_blank\">Dokumentenserver <\/a><\/strong>der Landesgeschichtlichen Vereinigung online gegangen. Sie finden dort die ersten 20 Jahrg\u00e4nge des Jahrbuchs: Bd. 1 (1950) bis Bd. 20 (1969).<br>Die Buchbesprechungen ab Bd. 67 (2016) sind auch online einsehbar auf der Rezensionsplattform f\u00fcr die Landesgeschichte <a rel=\"noreferrer noopener\" href=\"https:\/\/www.recensio-regio.net\/rezensionen\/zeitschriften\/jblg\/jbrlg\" target=\"_blank\">recensio.regio<\/a>.<br><br><strong>Gesamt-Inhaltsverzeichnisse 1950&#8211;2019<\/strong><br>F\u00fcnf Verzeichnisse erschlie\u00dfen den Inhalt aller seit 1950 erschienenen B\u00e4nde unter verschiedenen Gesichtspunkten:<\/p>\n\n\n\n<p><\/p>\n\n\n\n<ul class=\"wp-block-list\">\n<li><a rel=\"noreferrer noopener\" href=\"http:\/\/geschichte-brandenburg.de\/wordpress\/wp-content\/uploads\/2020\/10\/JBLG_Chronologisch_jg70.pdf\" target=\"_blank\">chronologisch nach B\u00e4nden\/Jahrg\u00e4ngen<\/a> [PDF, 383 KB]<\/li>\n\n\n\n<li><a rel=\"noreferrer noopener\" href=\"http:\/\/geschichte-brandenburg.de\/wordpress\/wp-content\/uploads\/2020\/10\/JBLG_Alphabetisch_jg70.pdf\" target=\"_blank\">alphabetisch nach Autoren<\/a> [PDF, 366 KB]<\/li>\n\n\n\n<li><a rel=\"noreferrer noopener\" href=\"http:\/\/geschichte-brandenburg.de\/wordpress\/wp-content\/uploads\/2020\/10\/JBLG_Biographisch_jg70.pdf\" target=\"_blank\">biographisch nach Personen<\/a> [PDF, 280 KB]<\/li>\n\n\n\n<li><a rel=\"noreferrer noopener\" href=\"http:\/\/geschichte-brandenburg.de\/wordpress\/wp-content\/uploads\/2020\/10\/JBLG_Geographisch_jg70.pdf\" target=\"_blank\">geographisch nach Orten<\/a> [PDF, 312 KB]<\/li>\n\n\n\n<li><a rel=\"noreferrer noopener\" href=\"http:\/\/geschichte-brandenburg.de\/wordpress\/wp-content\/uploads\/2020\/10\/JBLG_Systematisch_jg70.pdf\" target=\"_blank\">systematisch nach Themen<\/a> [PDF, 485 KB]<\/li>\n<\/ul>\n\n\n\n<p><strong>Inhaltsverzeichnisse der Einzelb\u00e4nde<\/strong><br>Diese werden hier nach und nach eingestellt.<\/p>\n\n\n\n<p><a rel=\"noreferrer noopener\" href=\"http:\/\/geschichte-brandenburg.de\/wordpress\/jblg_61-80-jahrgang\/\" target=\"_blank\">Jahrbuch f\u00fcr brandenburgische Landesgeschichte, Band 61 (2010) bis 72 (2021)<\/a><\/p>\n\n\n\n<p><a href=\"http:\/\/geschichte-brandenburg.de\/wordpress\/jblg_41-60-jahrgang\/\" target=\"_blank\" rel=\"noreferrer noopener\">Jahrbuch f\u00fcr brandenburgische Landesgeschichte, Band 41 (1990) bis 60 (2009)<\/a><\/p>\n\n\n\n<p><a href=\"https:\/\/geschichte-brandenburg.de\/wordpress\/jblg_21-40-jahrgang\/\" target=\"_blank\" rel=\"noreferrer noopener\">Jahrbuch f\u00fcr brandenburgische Landesgeschichte, Band 21 (1970) bis 40 (1989)<\/a><\/p>\n\n\n\n<p><\/p>\n","protected":false},"excerpt":{"rendered":"<p>Die f\u00fchrende historische Zeitschrift f\u00fcr Mark und Land Brandenburg erscheint seit 1950. Herausgegeben im Auftrag der Landesgeschichtlichen Vereinigung f\u00fcr die Mark Brandenburg von Dr. Peter Bahl, Dr. Clemens Bergstedt, Dr. [&hellip;]<\/p>\n","protected":false},"author":2,"featured_media":0,"parent":0,"menu_order":0,"comment_status":"closed","ping_status":"closed","template":"","meta":{"footnotes":""},"class_list":["post-215","page","type-page","status-publish","hentry"],"_links":{"self":[{"href":"https:\/\/geschichte-brandenburg.de\/wordpress\/wp-json\/wp\/v2\/pages\/215","targetHints":{"allow":["GET"]}}],"collection":[{"href":"https:\/\/geschichte-brandenburg.de\/wordpress\/wp-json\/wp\/v2\/pages"}],"about":[{"href":"https:\/\/geschichte-brandenburg.de\/wordpress\/wp-json\/wp\/v2\/types\/page"}],"author":[{"embeddable":true,"href":"https:\/\/geschichte-brandenburg.de\/wordpress\/wp-json\/wp\/v2\/users\/2"}],"replies":[{"embeddable":true,"href":"https:\/\/geschichte-brandenburg.de\/wordpress\/wp-json\/wp\/v2\/comments?post=215"}],"version-history":[{"count":123,"href":"https:\/\/geschichte-brandenburg.de\/wordpress\/wp-json\/wp\/v2\/pages\/215\/revisions"}],"predecessor-version":[{"id":3129,"href":"https:\/\/geschichte-brandenburg.de\/wordpress\/wp-json\/wp\/v2\/pages\/215\/revisions\/3129"}],"wp:attachment":[{"href":"https:\/\/geschichte-brandenburg.de\/wordpress\/wp-json\/wp\/v2\/media?parent=215"}],"curies":[{"name":"wp","href":"https:\/\/api.w.org\/{rel}","templated":true}]}}