{"id":2153,"date":"2022-11-10T13:00:00","date_gmt":"2022-11-10T12:00:00","guid":{"rendered":"https:\/\/geschichte-brandenburg.de\/wordpress\/?page_id=2153"},"modified":"2024-12-20T18:35:04","modified_gmt":"2024-12-20T17:35:04","slug":"schriften_nf_14","status":"publish","type":"page","link":"https:\/\/geschichte-brandenburg.de\/wordpress\/schriften_nf_14\/","title":{"rendered":"Schriften_NF_14"},"content":{"rendered":"\n<h2 class=\"wp-block-heading\"><a href=\"https:\/\/www.lukasverlag.com\/programm\/titel\/616-aus-der-maerkischen-streusandbuechse-in-die-welt-hinein.html\" target=\"_blank\" rel=\"noreferrer noopener\">Aus der m\u00e4rkischen Streusandb\u00fcchse in die Welt hinein<\/a><\/h2>\n\n\n\n<p><strong>Beitr\u00e4ge zur brandenburgischen, preu\u00dfischen, s\u00e4chsischen und internationalen Geschichte<br>Frank G\u00f6se zum 65. Geburtstag<\/strong><\/p>\n\n\n\n<p>Herausgegeben von Felix Engel, Elisabeth Ruffert, Anke Seeger, Ulrike Str\u00e4\u00dfner.<br><\/p>\n\n\n\n<p>Berlin: Lukas Verlag, 2022. \u2013 344 Seiten, 1 Abb.<br>(Schriften der Landesgeschichtlichen Vereinigung f\u00fcr die Mark Brandenburg, N.F., Bd. 14).<br>ISBN: 978-3-86732-423-6<br>\u20ac 30,&#8211;<\/p>\n\n\n\n<p><strong>Bestellungen bitte nicht an die Vereinigung, sondern \u00fcber den Buchhandel oder direkt an:<\/strong><br><\/p>\n\n\n\n<p>Lukas Verlag f\u00fcr Kunst- und Geistesgeschichte<br>Kollwitzstr. 57<br>10405 Berlin<br>Tel. (030) 44 04 92 90<br>Fax (030) 442 81 77<br>email: lukas.verlag@t-online.de<\/p>\n\n\n\n<p><\/p>\n","protected":false},"excerpt":{"rendered":"<p>Aus der m\u00e4rkischen Streusandb\u00fcchse in die Welt hinein Beitr\u00e4ge zur brandenburgischen, preu\u00dfischen, s\u00e4chsischen und internationalen GeschichteFrank G\u00f6se zum 65. Geburtstag Herausgegeben von Felix Engel, Elisabeth Ruffert, Anke Seeger, Ulrike Str\u00e4\u00dfner. [&hellip;]<\/p>\n","protected":false},"author":2,"featured_media":0,"parent":0,"menu_order":0,"comment_status":"closed","ping_status":"closed","template":"","meta":{"footnotes":""},"class_list":["post-2153","page","type-page","status-publish","hentry"],"_links":{"self":[{"href":"https:\/\/geschichte-brandenburg.de\/wordpress\/wp-json\/wp\/v2\/pages\/2153","targetHints":{"allow":["GET"]}}],"collection":[{"href":"https:\/\/geschichte-brandenburg.de\/wordpress\/wp-json\/wp\/v2\/pages"}],"about":[{"href":"https:\/\/geschichte-brandenburg.de\/wordpress\/wp-json\/wp\/v2\/types\/page"}],"author":[{"embeddable":true,"href":"https:\/\/geschichte-brandenburg.de\/wordpress\/wp-json\/wp\/v2\/users\/2"}],"replies":[{"embeddable":true,"href":"https:\/\/geschichte-brandenburg.de\/wordpress\/wp-json\/wp\/v2\/comments?post=2153"}],"version-history":[{"count":3,"href":"https:\/\/geschichte-brandenburg.de\/wordpress\/wp-json\/wp\/v2\/pages\/2153\/revisions"}],"predecessor-version":[{"id":2765,"href":"https:\/\/geschichte-brandenburg.de\/wordpress\/wp-json\/wp\/v2\/pages\/2153\/revisions\/2765"}],"wp:attachment":[{"href":"https:\/\/geschichte-brandenburg.de\/wordpress\/wp-json\/wp\/v2\/media?parent=2153"}],"curies":[{"name":"wp","href":"https:\/\/api.w.org\/{rel}","templated":true}]}}

<h2 class="wp-block-heading"><a href="https://www.lukasverlag.com/programm/titel/616-aus-der-maerkischen-streusandbuechse-in-die-welt-hinein.html" target="_blank" rel="noreferrer noopener">Aus der märkischen Streusandbüchse in die Welt hinein</a></h2>



<p><strong>Beiträge zur brandenburgischen, preußischen, sächsischen und internationalen Geschichte<br>Frank Göse zum 65. Geburtstag</strong></p>



<p>Herausgegeben von Felix Engel, Elisabeth Ruffert, Anke Seeger, Ulrike Sträßner.<br></p>



<p>Berlin: Lukas Verlag, 2022. – 344 Seiten, 1 Abb.<br>(Schriften der Landesgeschichtlichen Vereinigung für die Mark Brandenburg, N.F., Bd. 14).<br>ISBN: 978-3-86732-423-6<br>€ 30,&#8211;</p>



<p><strong>Bestellungen bitte nicht an die Vereinigung, sondern über den Buchhandel oder direkt an:</strong><br></p>



<p>Lukas Verlag für Kunst- und Geistesgeschichte<br>Kollwitzstr. 57<br>10405 Berlin<br>Tel. (030) 44 04 92 90<br>Fax (030) 442 81 77<br>email: lukas.verlag@t-online.de</p>



<p></p>

<p>Aus der märkischen Streusandbüchse in die Welt hinein Beiträge zur brandenburgischen, preußischen, sächsischen und internationalen GeschichteFrank Göse zum 65. Geburtstag Herausgegeben von Felix Engel, Elisabeth Ruffert, Anke Seeger, Ulrike Sträßner. [&hellip;]</p>
