{"id":42,"date":"2020-09-24T14:47:26","date_gmt":"2020-09-24T12:47:26","guid":{"rendered":"http:\/\/geschichte-brandenburg.de\/wordpress\/?page_id=42"},"modified":"2024-06-12T20:14:29","modified_gmt":"2024-06-12T18:14:29","slug":"mitgliedschaft","status":"publish","type":"page","link":"https:\/\/geschichte-brandenburg.de\/wordpress\/mitgliedschaft\/","title":{"rendered":"Mitgliedschaft"},"content":{"rendered":"\n<p><strong>Mitglied kann jede\/r werden, die\/der an Themen der brandenburgischen oder Berliner Geschichte interessiert ist.<\/strong><\/p>\n\n\n\n<p><strong>Mitgliedsbeitrag<br><\/strong>J\u00e4hrlich \u20ac 48,&#8211;.<br>Studierende und in Ausbildung befindliche Personen: \u20ac 24,&#8211;.<br>Ehepartner\/innen ohne Bezug der Ver\u00f6ffentlichungen: \u20ac 24,&#8211;.<br><br>Die Landesgeschichtliche Vereinigung f\u00fcr die Mark Brandenburg e.V. ist wegen F\u00f6rderung wissenschaftlicher Zwecke durch Bescheinigung des Finanzamtes f\u00fcr K\u00f6rperschaften I, Berlin (Steuernummer 27\/640\/55170) vom 12. August 2021 als gemeinn\u00fctzig anerkannt. Es wird best\u00e4tigt, dass alle Zuwendungen &#8212; Mitgliedsbeitr\u00e4ge und Spenden &#8212; nur zur F\u00f6rderung wissenschaftlicher Zwecke verwendet werden.<\/p>\n\n\n\n<p><strong>Jetzt Mitglied werden:<\/strong> <br><a href=\"https:\/\/geschichte-brandenburg.de\/wordpress\/wp-content\/uploads\/2024\/06\/aufnahmeantrag.pdf\" target=\"_blank\" rel=\"noreferrer noopener\">Aufnahmeantrag<\/a> [PDF, 180 kb] inkl. Einzugserm\u00e4chtigung (sofern gew\u00fcnscht) ausdrucken, ausf\u00fcllen und an uns schicken!<\/p>\n\n\n\n<p><strong>F\u00fcr den Mitgliedsbeitrag erh\u00e4lt das Mitglied:<\/strong><\/p>\n\n\n\n<ul class=\"wp-block-list\">\n<li>das &#8222;Jahrbuch f\u00fcr brandenburgische Landesgeschichte&#8220; (Buchhandelspreis \u20ac 19,50)<\/li>\n\n\n\n<li>die 3 Ausgaben des Mitteilungsblattes pro Jahr<\/li>\n\n\n\n<li>die M\u00f6glichkeit zur Teilnahme an allen Veranstaltungen<\/li>\n\n\n\n<li>die Berechtigung zur Ausleihe aus der Vereinsbibliothek (soweit die Benutzungsordnung der Bibliothek dem nicht entgegensteht).<\/li>\n<\/ul>\n\n\n\n<p><strong>Bankverbindung<\/strong><br>Landesgeschichtliche Vereinigung f\u00fcr die Mark Brandenburg e.V.<br>Postbank Berlin, BIC: PBNKDEFF<br>IBAN: DE24 1001 0010 0045 7101 09<\/p>\n","protected":false},"excerpt":{"rendered":"<p>Mitglied kann jede\/r werden, die\/der an Themen der brandenburgischen oder Berliner Geschichte interessiert ist. MitgliedsbeitragJ\u00e4hrlich \u20ac 48,&#8211;.Studierende und in Ausbildung befindliche Personen: \u20ac 24,&#8211;.Ehepartner\/innen ohne Bezug der Ver\u00f6ffentlichungen: \u20ac 24,&#8211;. [&hellip;]<\/p>\n","protected":false},"author":2,"featured_media":0,"parent":0,"menu_order":0,"comment_status":"closed","ping_status":"closed","template":"","meta":{"footnotes":""},"class_list":["post-42","page","type-page","status-publish","hentry"],"_links":{"self":[{"href":"https:\/\/geschichte-brandenburg.de\/wordpress\/wp-json\/wp\/v2\/pages\/42","targetHints":{"allow":["GET"]}}],"collection":[{"href":"https:\/\/geschichte-brandenburg.de\/wordpress\/wp-json\/wp\/v2\/pages"}],"about":[{"href":"https:\/\/geschichte-brandenburg.de\/wordpress\/wp-json\/wp\/v2\/types\/page"}],"author":[{"embeddable":true,"href":"https:\/\/geschichte-brandenburg.de\/wordpress\/wp-json\/wp\/v2\/users\/2"}],"replies":[{"embeddable":true,"href":"https:\/\/geschichte-brandenburg.de\/wordpress\/wp-json\/wp\/v2\/comments?post=42"}],"version-history":[{"count":13,"href":"https:\/\/geschichte-brandenburg.de\/wordpress\/wp-json\/wp\/v2\/pages\/42\/revisions"}],"predecessor-version":[{"id":2621,"href":"https:\/\/geschichte-brandenburg.de\/wordpress\/wp-json\/wp\/v2\/pages\/42\/revisions\/2621"}],"wp:attachment":[{"href":"https:\/\/geschichte-brandenburg.de\/wordpress\/wp-json\/wp\/v2\/media?parent=42"}],"curies":[{"name":"wp","href":"https:\/\/api.w.org\/{rel}","templated":true}]}}