{"id":438,"date":"2020-10-01T16:18:06","date_gmt":"2020-10-01T14:18:06","guid":{"rendered":"http:\/\/geschichte-brandenburg.de\/wordpress\/?page_id=438"},"modified":"2024-03-02T10:38:46","modified_gmt":"2024-03-02T09:38:46","slug":"programm","status":"publish","type":"page","link":"https:\/\/geschichte-brandenburg.de\/wordpress\/programm\/","title":{"rendered":"Veranstaltungen"},"content":{"rendered":"\n<p><\/p>\n\n\n\n<p><\/p>\n\n\n\n<div style=\"height:100px\" aria-hidden=\"true\" class=\"wp-block-spacer\"><\/div>\n\n\n\n<p><strong>F\u00fchrungen\/Besichtigungen<br><\/strong>Stadtf\u00fchrungen, Parkf\u00fchrungen, Ausstellungs- und Museumsbesuche, Kirchenf\u00fchrungen, teils gesondert, teils in Wanderungen einbezogen Wanderungen durch das Land Brandenburg und angrenzende Gebiete, meist verbunden mit Besichtigungen, F\u00fchrungen u.s.w.<br>Bekanntmachung im Online-Veranstaltungskalender und im gedruckten Mitteilungsblatt der Vereinigung.<\/p>\n\n\n\n<p><strong>Studienfahrten<\/strong><br>in entferntere Gebiete sowie in Nachbarl\u00e4nder und -regionen (ein- und mehrt\u00e4gige Busfahrten). Bekanntmachung im Online-Veranstaltungskalender und im gedruckten Mitteilungsblatt der Vereinigung.<\/p>\n\n\n\n<p><strong>\u00d6ffentliche Vortr\u00e4ge<\/strong><br>aus allen Themenbereichen der Historischen Landeskunde Brandenburgs einschlie\u00dflich Berlins; mit Ausnahme einer Sommerpause meist monatlich jeweils donnerstags 19.00 Uhr im Kleinen S\u00e4ulensaal der Berliner Stadtbibliothek in Berlin-Mitte, Breite Stra\u00dfe 36.<br>Bekanntmachung im Online-Veranstaltungskalender und im gedruckten Mitteilungsblatt der Vereinigung sowie im gedruckten und Online-Veranstaltungsprogramm der ZLB (<a rel=\"noreferrer noopener\" href=\"https:\/\/www.zlb.de\/\" target=\"_blank\">Stiftung Zentral- und Landesbibliothek Berlin<\/a>).<\/p>\n\n\n\n<p><strong>Kolloquien<\/strong><br>Thematisch begrenzte Tagungen mit Vortr\u00e4gen ausgew\u00e4hlter Fachleute in Berlin, Potsdam, Brandenburg an der Havel u.a. (so z.B. zur Geschichte Potsdams anl\u00e4sslich der Tausendjahrfeier 1993 im Landtag Brandenburg und 1995 zur Geschichte des Landes Brandenburg am selben Ort), seit vielen Jahren auch in Zusammenarbeit mit unseren Kooperationspartnern<br><a rel=\"noreferrer noopener\" href=\"https:\/\/blha.brandenburg.de\/\" target=\"_blank\">Brandenburgisches Landeshauptarchiv (BLHA)<\/a>,<br><a rel=\"noreferrer noopener\" href=\"https:\/\/brhiko.de\/\" target=\"_blank\">Brandenburgische Historische Kommission (BrHiko)<\/a>,<br><a rel=\"noreferrer noopener\" href=\"https:\/\/www.hiko-berlin.de\/startseite\" target=\"_blank\">Historische Kommission zu Berlin<\/a>,<br><a href=\"https:\/\/bldam-brandenburg.de\/\">Brande<\/a><a rel=\"noreferrer noopener\" href=\"https:\/\/bldam-brandenburg.de\/\" target=\"_blank\">nburgisches Landesamt f\u00fcr Denkmalpflege und Arch\u00e4ologisches Landesmuseum (BLDAM)<\/a>,<br><a href=\"https:\/\/www.hbpg.de\/home.html\">Hau<\/a><a rel=\"noreferrer noopener\" href=\"https:\/\/www.hbpg.de\/home.html\" target=\"_blank\">s der Brandenburgisch-Preu\u00dfischen Geschichte (HBPG)<\/a>,<br><a href=\"https:\/\/www.uni-potsdam.de\/de\/hi\/\">Hist<\/a><a rel=\"noreferrer noopener\" href=\"https:\/\/www.uni-potsdam.de\/de\/hi\/\" target=\"_blank\">orisches Institut der Universit\u00e4t Potsdam<\/a>,<br><a rel=\"noreferrer noopener\" href=\"https:\/\/www.stadtmuseum.de\/\" target=\"_blank\">Stiftung Stadtmuseum Berlin<\/a><br>und anderen Institutionen.<br>Bekanntmachung im Online-Veranstaltungskalender und im gedruckten Mitteilungsblatt der Vereinigung.<\/p>\n\n\n\n<p><strong>Teilnahme<br><\/strong>Mit Ausnahme der \u00f6ffentlichen Vortr\u00e4ge ist die Teilnahme an allen anderen Veranstaltungen (F\u00fchrungen, Fahrten, Wanderungen etc.), insbesondere bei begrenzter Teilnehmerzahl, den Mitgliedern vorbehalten. G\u00e4ste sind jedoch stets willkommen.<\/p>\n\n\n\n<p><strong>Programm<\/strong><br>Das jeweils aktuelle Veranstaltungsprogramm finden Sie sowohl hier im Veranstaltungskalender als auch gedruckt im Mitteilungsblatt, das alle Mitglieder und Tauschpartnereinrichtungen dreimal j\u00e4hrlich zugeschickt erhalten.<\/p>\n\n\n\n<p><strong>Verzeichnisse<br><\/strong>Eine <a rel=\"noreferrer noopener\" href=\"http:\/\/geschichte-brandenburg.de\/wordpress\/wp-content\/uploads\/2020\/10\/vortraege_200910.pdf\" target=\"_blank\">vollst\u00e4ndige \u00dcbersicht \u00fcber die von 1885 bis 2009 veranstalteten Vortr\u00e4ge<\/a> der Landesgeschichtlichen Vereinigung ist im Band &#8222;Die Landesgeschichtliche Vereinigung f\u00fcr die Mark Brandenburg in Vergangenheit und Gegenwart&#8220; [PDF, 288 KB <em>anderes Layout<\/em>] erschienen. Ebenso finden sich in diesem Band ein <a rel=\"noreferrer noopener\" href=\"http:\/\/geschichte-brandenburg.de\/wordpress\/wp-content\/uploads\/2020\/10\/Tagungen_2009.pdf\" target=\"_blank\">Verzeichnis der von 1993 bis 2009 durchgef\u00fchrten Tagungen<\/a> [PDF, 146 KB] und der <a rel=\"noreferrer noopener\" href=\"http:\/\/geschichte-brandenburg.de\/wordpress\/wp-content\/uploads\/2020\/10\/Studienfahrten_2009.pdf\" target=\"_blank\">Studienfahrten von 1949 bis 2009<\/a> [PDF, 106 KB].<\/p>\n","protected":false},"excerpt":{"rendered":"<p>F\u00fchrungen\/BesichtigungenStadtf\u00fchrungen, Parkf\u00fchrungen, Ausstellungs- und Museumsbesuche, Kirchenf\u00fchrungen, teils gesondert, teils in Wanderungen einbezogen Wanderungen durch das Land Brandenburg und angrenzende Gebiete, meist verbunden mit Besichtigungen, F\u00fchrungen u.s.w.Bekanntmachung im Online-Veranstaltungskalender und im [&hellip;]<\/p>\n","protected":false},"author":2,"featured_media":0,"parent":0,"menu_order":0,"comment_status":"closed","ping_status":"closed","template":"","meta":{"footnotes":""},"class_list":["post-438","page","type-page","status-publish","hentry"],"_links":{"self":[{"href":"https:\/\/geschichte-brandenburg.de\/wordpress\/wp-json\/wp\/v2\/pages\/438","targetHints":{"allow":["GET"]}}],"collection":[{"href":"https:\/\/geschichte-brandenburg.de\/wordpress\/wp-json\/wp\/v2\/pages"}],"about":[{"href":"https:\/\/geschichte-brandenburg.de\/wordpress\/wp-json\/wp\/v2\/types\/page"}],"author":[{"embeddable":true,"href":"https:\/\/geschichte-brandenburg.de\/wordpress\/wp-json\/wp\/v2\/users\/2"}],"replies":[{"embeddable":true,"href":"https:\/\/geschichte-brandenburg.de\/wordpress\/wp-json\/wp\/v2\/comments?post=438"}],"version-history":[{"count":21,"href":"https:\/\/geschichte-brandenburg.de\/wordpress\/wp-json\/wp\/v2\/pages\/438\/revisions"}],"predecessor-version":[{"id":2523,"href":"https:\/\/geschichte-brandenburg.de\/wordpress\/wp-json\/wp\/v2\/pages\/438\/revisions\/2523"}],"wp:attachment":[{"href":"https:\/\/geschichte-brandenburg.de\/wordpress\/wp-json\/wp\/v2\/media?parent=438"}],"curies":[{"name":"wp","href":"https:\/\/api.w.org\/{rel}","templated":true}]}}