{"id":661,"date":"2020-10-04T22:07:27","date_gmt":"2020-10-04T20:07:27","guid":{"rendered":"http:\/\/geschichte-brandenburg.de\/wordpress\/?page_id=661"},"modified":"2020-10-07T12:01:52","modified_gmt":"2020-10-07T10:01:52","slug":"schriften_nf_1","status":"publish","type":"page","link":"https:\/\/geschichte-brandenburg.de\/wordpress\/schriften_nf_1\/","title":{"rendered":"Schriften_NF_1"},"content":{"rendered":"\n<h2 class=\"wp-block-heading\"><strong><a rel=\"noreferrer noopener\" href=\"https:\/\/www.lukasverlag.com\/programm\/titel\/27-brandenburg-und-seine-landschaften.html\" target=\"_blank\">Brandenburg und seine Landschaften.<\/a><\/strong><br><strong><a rel=\"noreferrer noopener\" href=\"https:\/\/www.lukasverlag.com\/programm\/titel\/27-brandenburg-und-seine-landschaften.html\" target=\"_blank\">Zentrum und Region vom Sp\u00e4tmittelalter bis 1800.<\/a><\/strong><\/h2>\n\n\n\n<p>Tagung der Landesgeschichtlichen Vereinigung f\u00fcr die Mark Brandenburg e.V. im Haus der Brandenburgisch-Preu\u00dfischen Geschichte am 22. November 2008 unter der Schirmherrschaft des Pr\u00e4sidenten des Landtages Brandenburg.<br>Hrsg. von Lorenz Friedrich Beck und Frank G\u00f6se.<br>Berlin: Lukas-Verl., 2009. &#8211; 256 S., 14 Abb.<br>(Schriften der Landesgeschichtlichen Vereinigung f\u00fcr die Mark Brandenburg, N.F., Bd. 1).<br>ISBN 978-3-86732-068-9<br>\u20ac 25,\u2013<\/p>\n\n\n\n<p><\/p>\n\n\n\n<p><strong>Bestellungen bitte nicht an die Vereinigung, sondern \u00fcber den Buchhandel oder direkt an:<\/strong><br><a rel=\"noreferrer noopener\" href=\"http:\/\/www.lukasverlag.com\" target=\"_blank\">Lukas Verlag f\u00fcr Kunst- und Geistesgeschichte<\/a><br>Kollwitzstr. 57<br>10405 Berlin<br>Tel. (030) 44 04 92 90<br>Fax (030) 442 81 77<br>email: lukas.verlag@t-online.de<\/p>\n\n\n\n<h3 class=\"wp-block-heading\">Inhaltsverzeichnis<\/h3>\n\n\n\n<ul class=\"wp-block-list\"><li>Bahl, Peter \/ Beck, Lorenz Friedrich \/ G\u00f6se, Frank: Editorial zu den Schriften der Landesgeschichtlichen Vereinigung f\u00fcr die Mark Brandenburg, Neue Folge, S. 7.<\/li><li>Fritsch, Gunter: Gru\u00dfwort des Pr\u00e4sidenten des Landtages Brandenburg und Schirmherrn der Tagung, S. 8&#8211;9.<\/li><li>Winkler, Kurt: Mut zur Landesgeschichte \u2013 ein Gru\u00dfwort zum 125. Geburtstag des Direktors des Hauses der Brandenburgisch-Preu\u00dfischen Geschichte, S. 10&#8211;11.<\/li><li>G\u00f6se, Frank: Einf\u00fchrung, S. 13&#8211;27.<\/li><li>Enders, Lieselott: Die Landschaften und das Zentrum. Prignitz, Uckermark und Altmark vom Sp\u00e4tmittelalter bis 1800, S. 29&#8211;43.<\/li><li>Scholz, Michael: Zwischen B\u00f6hmen, Brandenburg und Sachsen. Die Herrschaft Beeskow-Storkow bis zu ihrer Eingliederung in die Mark Brandenburg im 16. Jahrhundert, S. 45&#8211;68.<\/li><li>Hoffeins, Matthias: Alltagsleben mit einer Grenze. Brandenburgs s\u00fcdliche Grenzregion in der Fr\u00fchen Neuzeit, S. 69&#8211;107.<\/li><li>Geiseler, Udo: N\u00e4he und Ferne. Fr\u00fchneuzeitliche Beziehungen zwischen dem Havelland und der Residenzlandschaft Berlin-Potsdam, S. 109&#8211;129.<\/li><li>Gahlbeck, Christian: Von der terra Transoderana bis zur Provinz Neumark. Zur Auspr\u00e4gung eines st\u00e4ndischen Regionalismus im Land \u00f6stlich der Oder zwischen 1300 und 1600, S. 131&#8211;155.<\/li><li>Czech, Vinzenz: Von Sachsen nach Preu\u00dfen. Die Niederlausitz um 1815, S. 157&#8211;189.<\/li><li>Pr\u00f6ve, Ralf: Stra\u00dfenbaupolitik und Kommunikationsverdichtung in der Kurmark. Zentrum und Region im 18. und fr\u00fchen 19. Jahrhundert, S. 191&#8211;198.<\/li><li>Winkel, Carmen: \u00bbGetreue wie goldt\u00ab oder \u00bbmalicieus wie der deuffel\u00ab? Der brandenburg-preu\u00dfische Adel und der Dienst als Offizier, S. 199&#8211;219.<\/li><li>Strauss, Angela: Religi\u00f6ser Regionalismus. Katholische R\u00e4ume in Brandenburg im 18. Jahrhundert, S. 221&#8211;244.<\/li><li>Stolpe, Manfred: \u00bbZentrum\u00ab und \u00bbRegion\u00ab in der brandenburgischen Landespolitik seit 1989 [Abendvortrag], S. 245&#8211;250.<\/li><li><em>Anhang<\/em><\/li><li>Autorenverzeichnis, S. 252&#8211;253.<\/li><li>Die Landesgeschichtliche Vereinigung f\u00fcr die Mark Brandenburg e.V., S. 254.<\/li><\/ul>\n","protected":false},"excerpt":{"rendered":"<p>Brandenburg und seine Landschaften.Zentrum und Region vom Sp\u00e4tmittelalter bis 1800. Tagung der Landesgeschichtlichen Vereinigung f\u00fcr die Mark Brandenburg e.V. im Haus der Brandenburgisch-Preu\u00dfischen Geschichte am 22. November 2008 unter der [&hellip;]<\/p>\n","protected":false},"author":2,"featured_media":0,"parent":0,"menu_order":0,"comment_status":"closed","ping_status":"closed","template":"","meta":{"footnotes":""},"class_list":["post-661","page","type-page","status-publish","hentry"],"_links":{"self":[{"href":"https:\/\/geschichte-brandenburg.de\/wordpress\/wp-json\/wp\/v2\/pages\/661","targetHints":{"allow":["GET"]}}],"collection":[{"href":"https:\/\/geschichte-brandenburg.de\/wordpress\/wp-json\/wp\/v2\/pages"}],"about":[{"href":"https:\/\/geschichte-brandenburg.de\/wordpress\/wp-json\/wp\/v2\/types\/page"}],"author":[{"embeddable":true,"href":"https:\/\/geschichte-brandenburg.de\/wordpress\/wp-json\/wp\/v2\/users\/2"}],"replies":[{"embeddable":true,"href":"https:\/\/geschichte-brandenburg.de\/wordpress\/wp-json\/wp\/v2\/comments?post=661"}],"version-history":[{"count":26,"href":"https:\/\/geschichte-brandenburg.de\/wordpress\/wp-json\/wp\/v2\/pages\/661\/revisions"}],"predecessor-version":[{"id":903,"href":"https:\/\/geschichte-brandenburg.de\/wordpress\/wp-json\/wp\/v2\/pages\/661\/revisions\/903"}],"wp:attachment":[{"href":"https:\/\/geschichte-brandenburg.de\/wordpress\/wp-json\/wp\/v2\/media?parent=661"}],"curies":[{"name":"wp","href":"https:\/\/api.w.org\/{rel}","templated":true}]}}

<h2 class="wp-block-heading"><strong><a rel="noreferrer noopener" href="https://www.lukasverlag.com/programm/titel/27-brandenburg-und-seine-landschaften.html" target="_blank">Brandenburg und seine Landschaften.</a></strong><br><strong><a rel="noreferrer noopener" href="https://www.lukasverlag.com/programm/titel/27-brandenburg-und-seine-landschaften.html" target="_blank">Zentrum und Region vom Spätmittelalter bis 1800.</a></strong></h2>



<p>Tagung der Landesgeschichtlichen Vereinigung für die Mark Brandenburg e.V. im Haus der Brandenburgisch-Preußischen Geschichte am 22. November 2008 unter der Schirmherrschaft des Präsidenten des Landtages Brandenburg.<br>Hrsg. von Lorenz Friedrich Beck und Frank Göse.<br>Berlin: Lukas-Verl., 2009. &#8211; 256 S., 14 Abb.<br>(Schriften der Landesgeschichtlichen Vereinigung für die Mark Brandenburg, N.F., Bd. 1).<br>ISBN 978-3-86732-068-9<br>€ 25,–</p>



<p></p>



<p><strong>Bestellungen bitte nicht an die Vereinigung, sondern über den Buchhandel oder direkt an:</strong><br><a rel="noreferrer noopener" href="http://www.lukasverlag.com" target="_blank">Lukas Verlag für Kunst- und Geistesgeschichte</a><br>Kollwitzstr. 57<br>10405 Berlin<br>Tel. (030) 44 04 92 90<br>Fax (030) 442 81 77<br>email: lukas.verlag@t-online.de</p>



<h3 class="wp-block-heading">Inhaltsverzeichnis</h3>



<ul class="wp-block-list"><li>Bahl, Peter / Beck, Lorenz Friedrich / Göse, Frank: Editorial zu den Schriften der Landesgeschichtlichen Vereinigung für die Mark Brandenburg, Neue Folge, S. 7.</li><li>Fritsch, Gunter: Grußwort des Präsidenten des Landtages Brandenburg und Schirmherrn der Tagung, S. 8&#8211;9.</li><li>Winkler, Kurt: Mut zur Landesgeschichte – ein Grußwort zum 125. Geburtstag des Direktors des Hauses der Brandenburgisch-Preußischen Geschichte, S. 10&#8211;11.</li><li>Göse, Frank: Einführung, S. 13&#8211;27.</li><li>Enders, Lieselott: Die Landschaften und das Zentrum. Prignitz, Uckermark und Altmark vom Spätmittelalter bis 1800, S. 29&#8211;43.</li><li>Scholz, Michael: Zwischen Böhmen, Brandenburg und Sachsen. Die Herrschaft Beeskow-Storkow bis zu ihrer Eingliederung in die Mark Brandenburg im 16. Jahrhundert, S. 45&#8211;68.</li><li>Hoffeins, Matthias: Alltagsleben mit einer Grenze. Brandenburgs südliche Grenzregion in der Frühen Neuzeit, S. 69&#8211;107.</li><li>Geiseler, Udo: Nähe und Ferne. Frühneuzeitliche Beziehungen zwischen dem Havelland und der Residenzlandschaft Berlin-Potsdam, S. 109&#8211;129.</li><li>Gahlbeck, Christian: Von der terra Transoderana bis zur Provinz Neumark. Zur Ausprägung eines ständischen Regionalismus im Land östlich der Oder zwischen 1300 und 1600, S. 131&#8211;155.</li><li>Czech, Vinzenz: Von Sachsen nach Preußen. Die Niederlausitz um 1815, S. 157&#8211;189.</li><li>Pröve, Ralf: Straßenbaupolitik und Kommunikationsverdichtung in der Kurmark. Zentrum und Region im 18. und frühen 19. Jahrhundert, S. 191&#8211;198.</li><li>Winkel, Carmen: »Getreue wie goldt« oder »malicieus wie der deuffel«? Der brandenburg-preußische Adel und der Dienst als Offizier, S. 199&#8211;219.</li><li>Strauss, Angela: Religiöser Regionalismus. Katholische Räume in Brandenburg im 18. Jahrhundert, S. 221&#8211;244.</li><li>Stolpe, Manfred: »Zentrum« und »Region« in der brandenburgischen Landespolitik seit 1989 [Abendvortrag], S. 245&#8211;250.</li><li><em>Anhang</em></li><li>Autorenverzeichnis, S. 252&#8211;253.</li><li>Die Landesgeschichtliche Vereinigung für die Mark Brandenburg e.V., S. 254.</li></ul>

<p>Brandenburg und seine Landschaften.Zentrum und Region vom Spätmittelalter bis 1800. Tagung der Landesgeschichtlichen Vereinigung für die Mark Brandenburg e.V. im Haus der Brandenburgisch-Preußischen Geschichte am 22. November 2008 unter der [&hellip;]</p>
