{"id":742,"date":"2020-10-05T19:01:28","date_gmt":"2020-10-05T17:01:28","guid":{"rendered":"http:\/\/geschichte-brandenburg.de\/wordpress\/?page_id=742"},"modified":"2020-10-09T21:41:38","modified_gmt":"2020-10-09T19:41:38","slug":"schriften_nf_6","status":"publish","type":"page","link":"https:\/\/geschichte-brandenburg.de\/wordpress\/schriften_nf_6\/","title":{"rendered":"Schriften_NF_6"},"content":{"rendered":"\n<h2 class=\"wp-block-heading\"><a rel=\"noreferrer noopener\" href=\"https:\/\/www.lukasverlag.com\/programm\/titel\/399-gaerten-und-parke-in-brandenburg.html\" target=\"_blank\">G\u00e4rten und Parke in Brandenburg.<\/a><br><a rel=\"noreferrer noopener\" href=\"https:\/\/www.lukasverlag.com\/programm\/titel\/399-gaerten-und-parke-in-brandenburg.html\" target=\"_blank\">Die l\u00e4ndlichen Anlagen in der Mark Brandenburg und der Niederlausitz<\/a><\/h2>\n\n\n\n<p>Autoren: Folkwart und Folkwin (\u2020) Wendland.<br>5 B\u00e4nde.<br>Berlin: Lukas Verlag, 2015. &#8211; Zus. 2.666 S., ca. 3.000 S\/W- und Farb-Abb.<br>(Schriften der Landesgeschichtlichen Vereinigung f\u00fcr die Mark Brandenburg, N.F., Bd. 6).<br>ISBN: 978-3-86732-206-5<br>\u20ac 420,\u2013<\/p>\n\n\n\n<p><\/p>\n\n\n\n<p><strong>Bestellungen bitte nicht an die Vereinigung, sondern \u00fcber den Buchhandel oder direkt an:<\/strong><br><a rel=\"noreferrer noopener\" href=\"http:\/\/www.lukasverlag.com\" target=\"_blank\">Lukas Verlag f\u00fcr Kunst- und Geistesgeschichte<\/a><br>Kollwitzstr. 57<br>10405 Berlin<br>Tel. (030) 44 04 92 90<br>Fax (030) 442 81 77<br>email: lukas.verlag@t-online.de<\/p>\n\n\n\n<h3 class=\"wp-block-heading\">Inhaltsverzeichnisse aller B\u00e4nde<\/h3>\n\n\n\n<p><strong>Band I<\/strong><\/p>\n\n\n\n<ul class=\"wp-block-list\"><li>Bahl, Peter: Geleitwort des Vorsitzenden der Landesgeschichtlichen Vereinigung f\u00fcr die Mark Brandenburg e.V., S. 9.<\/li><li>Liste der Spender, S. 10.<\/li><li>Wendland, Folkwart: Vorwort und Danksagung, S. 11&#8211;14.<\/li><li><em>Einleitung<\/em>, S. 15&#8211;18.<\/li><li>Zielstellung, S. 15.<\/li><li>Quellenlage, S. 15&#8211;16.<\/li><li>Arbeitsmethodik, S. 17&#8211;18.<\/li><li><em>Zur Geschichte der G\u00e4rten und Parke in der Mark Brandenburg und der Niederlausitz<\/em>, S. 19&#8211;95.<\/li><li>G\u00e4rten des Mittelalters, S. 19&#8211;28.<\/li><li>G\u00e4rten der Renaissance, S. 28&#8211;33.<\/li><li>G\u00e4rten des Barock, S. 33&#8211;46.<\/li><li>G\u00e4rten des Rokoko, S. 47&#8211;52.<\/li><li>Fr\u00fche \u2013 sentimental-empfindsame \u2013 landschafliche G\u00e4rten, S. 53&#8211;63.<\/li><li>Landschafliche G\u00e4rten und Parke, S. 64&#8211;81.<\/li><li>Ausklang des landschaflichen Stils nach der Mitte des 19. Jahrhunderts, S. 82&#8211;88.<\/li><li>L\u00e4ndliche G\u00e4rten im 20. Jahrhundert, S. 89&#8211;95.<\/li><li><em>Typen und Ausstattung der l\u00e4ndlichen G\u00e4rten und Parke<\/em>, S. 96&#8211;113.<\/li><li>Typen l\u00e4ndlicher G\u00e4rten, S. 96&#8211;98.<\/li><li>Ausstattung mit Gartenarchitekturen, S. 98&#8211;99.<\/li><li>Orangerien, S. 99&#8211;112.<\/li><li>Ausstattung der G\u00e4rten mit Pflanzen, S. 112.<\/li><li>Unterhaltungskosten der G\u00e4rten, S. 112&#8211;113.<\/li><li><em>Gutsbesitzer und G\u00e4rtner<\/em>, S. 114&#8211;128.<\/li><li>Gutsbesitzer \u2013 Auftraggeber der G\u00e4rten und Parke, S. 114&#8211;116.<\/li><li>G\u00e4rtner \u2013 Sch\u00f6pfer und Bewahrer der G\u00e4rten und Parke, S. 116&#8211;128.<\/li><li><em>Zum Zustand der G\u00e4rten und Parke<\/em>, S. 129&#8211;134.<\/li><li><em>Schlussbemerkungen<\/em>, S. 135&#8211;138.<\/li><li><em>Beschreibung der G\u00e4rten und Parke in der Mark Brandenburg und der Niederlausitz<\/em><\/li><li>Prignitz. Einf\u00fchrung, S. 139&#8211;144.<\/li><li>Kreis Westprignitz, S. 145&#8211;220.<\/li><li>Kreis Ostprignitz, S. 221&#8211;314.<\/li><li>Kreis Ruppin, S. 315&#8211;454.<\/li><\/ul>\n\n\n\n<p><strong>Band II<\/strong><\/p>\n\n\n\n<ul class=\"wp-block-list\"><li>Uckermark. Einf\u00fchrung, S. 7&#8211;13.<\/li><li>Kreis Templin, S. 15&#8211;106.<\/li><li>Kreis Prenzlau, S. 107&#8211;180.<\/li><li>Kreis Angerm\u00fcnde, S. 181&#8211;276.<\/li><li>Barnim. Einf\u00fchrung, S. 277&#8211;284.<\/li><li>Kreis Oberbarnim, S. 285&#8211;424.<\/li><li>Kreis Niederbarnim, S. 425&#8211;518.<\/li><\/ul>\n\n\n\n<p><strong>Band III<\/strong><\/p>\n\n\n\n<ul class=\"wp-block-list\"><li>Havelland. Einf\u00fchrung, S. 7&#8211;12.<\/li><li>Kreis Westhavelland, S. 13&#8211;82.<\/li><li>Kreis Osthavelland, S. 83&#8211;204.<\/li><li>Kreis Zauch-Belzig, S. 205&#8211;272.<\/li><li>Kreis Lebus und Frankfurt (Oder), S. 273&#8211;429.<\/li><li>Kreis Beeskow-Storkow, S. 429&#8211;490.<\/li><li>Kreis Teltow, S. 491&#8211;586.<\/li><\/ul>\n\n\n\n<p><strong>Band IV<\/strong><\/p>\n\n\n\n<ul class=\"wp-block-list\"><li>Kreis J\u00fcterbog-Luckenwalde, S. 7&#8211;88.<\/li><li>Niederlausitz, S. 89&#8211;98.<\/li><li>Kreis L\u00fcbben, S. 99&#8211;136.<\/li><li>Kreis Luckau, S. 137&#8211;220.<\/li><li>Kreis Cottbus, S. 221&#8211;286.<\/li><li>Kreis Calau, S. 287&#8211;404.<\/li><li>Kreis Spremberg, S. 405&#8211;426.<\/li><li>Kreis Guben (Anteil westlich und \u00f6stlich der Nei\u00dfe), S. 427&#8211;476.<\/li><li>Kreis Sorau (Anteil westlich und \u00f6stlich der Nei\u00dfe), S. 477&#8211;544.<\/li><\/ul>\n\n\n\n<p><strong>Band V<\/strong><\/p>\n\n\n\n<ul class=\"wp-block-list\"><li>Neumark, S. 7&#8211;13.<\/li><li>Kreis K\u00f6nigsberg\/Nm., S. 15&#8211;66.<\/li><li>Kreis Soldin, S. 67&#8211;94.<\/li><li>Kreis Arnswalde, S. 95&#8211;120.<\/li><li>Kreis Friedeberg, S. 121&#8211;152.<\/li><li>Kreis Landsberg a. d. Warthe, S. 153&#8211;182.<\/li><li>Land Sternberg, S. 183&#8211;185.<\/li><li>Kreis Weststernberg, S. 187&#8211;209.<\/li><li>Kreis Oststernberg, S. 211&#8211;246.<\/li><li>Kreis Crossen, S. 247&#8211;282.<\/li><li>Kreis Z\u00fcllichau-Schwiebus, S. 283&#8211;316.<\/li><li><em>Anhang<\/em><\/li><li>Verzeichnis und Kurzbiografien der G\u00e4rtner, S. 319&#8211;390.<\/li><li>Einf\u00fchrung, S. 320.<\/li><li>Niemann, Alexander \/ Wendland, Folkwart (Bearb.): Verzeichnis der G\u00e4rtner nach T\u00e4tigkeitsorten, S. 321&#8211;344.<\/li><li>Niemann, Alexander \/ Wendland, Folkwart (Bearb.): Kurzbiographien der G\u00e4rtner, S. 345&#8211;390.<\/li><li>Verzeichnis der Orangerien, S. 391&#8211;392.<\/li><li>Verzeichnis der Orangeriepflanzen, S. 393&#8211;398.<\/li><li>Verteilung der Obstgeh\u00f6lze auf den \u00c4mtern und G\u00fctern (Auswahl), S. 399&#8211;401.<\/li><li>Verzeichnis der Abk\u00fcrzungen, Siglen und alten Ma\u00dfeinheiten, S. 403&#8211;406.<\/li><li>Quellennachweis, S. 407&#8211;412.<\/li><li>Literaturverzeichnis, S. 413&#8211;443.<\/li><li>Abbildungsnachweis, S. 445&#8211;451.<\/li><li>Pflanzenverzeichnis, S. 453&#8211;476.<\/li><li>Register der beschriebenen G\u00e4rten und Parke, S. 477&#8211;484.<\/li><li>Personenregister, S. 485&#8211;534.<\/li><\/ul>\n\n\n\n<p><\/p>\n","protected":false},"excerpt":{"rendered":"<p>G\u00e4rten und Parke in Brandenburg.Die l\u00e4ndlichen Anlagen in der Mark Brandenburg und der Niederlausitz Autoren: Folkwart und Folkwin (\u2020) Wendland.5 B\u00e4nde.Berlin: Lukas Verlag, 2015. &#8211; Zus. 2.666 S., ca. 3.000 [&hellip;]<\/p>\n","protected":false},"author":2,"featured_media":0,"parent":0,"menu_order":0,"comment_status":"closed","ping_status":"closed","template":"","meta":{"footnotes":""},"class_list":["post-742","page","type-page","status-publish","hentry"],"_links":{"self":[{"href":"https:\/\/geschichte-brandenburg.de\/wordpress\/wp-json\/wp\/v2\/pages\/742","targetHints":{"allow":["GET"]}}],"collection":[{"href":"https:\/\/geschichte-brandenburg.de\/wordpress\/wp-json\/wp\/v2\/pages"}],"about":[{"href":"https:\/\/geschichte-brandenburg.de\/wordpress\/wp-json\/wp\/v2\/types\/page"}],"author":[{"embeddable":true,"href":"https:\/\/geschichte-brandenburg.de\/wordpress\/wp-json\/wp\/v2\/users\/2"}],"replies":[{"embeddable":true,"href":"https:\/\/geschichte-brandenburg.de\/wordpress\/wp-json\/wp\/v2\/comments?post=742"}],"version-history":[{"count":19,"href":"https:\/\/geschichte-brandenburg.de\/wordpress\/wp-json\/wp\/v2\/pages\/742\/revisions"}],"predecessor-version":[{"id":1026,"href":"https:\/\/geschichte-brandenburg.de\/wordpress\/wp-json\/wp\/v2\/pages\/742\/revisions\/1026"}],"wp:attachment":[{"href":"https:\/\/geschichte-brandenburg.de\/wordpress\/wp-json\/wp\/v2\/media?parent=742"}],"curies":[{"name":"wp","href":"https:\/\/api.w.org\/{rel}","templated":true}]}}

<h2 class="wp-block-heading"><a rel="noreferrer noopener" href="https://www.lukasverlag.com/programm/titel/399-gaerten-und-parke-in-brandenburg.html" target="_blank">Gärten und Parke in Brandenburg.</a><br><a rel="noreferrer noopener" href="https://www.lukasverlag.com/programm/titel/399-gaerten-und-parke-in-brandenburg.html" target="_blank">Die ländlichen Anlagen in der Mark Brandenburg und der Niederlausitz</a></h2>



<p>Autoren: Folkwart und Folkwin (†) Wendland.<br>5 Bände.<br>Berlin: Lukas Verlag, 2015. &#8211; Zus. 2.666 S., ca. 3.000 S/W- und Farb-Abb.<br>(Schriften der Landesgeschichtlichen Vereinigung für die Mark Brandenburg, N.F., Bd. 6).<br>ISBN: 978-3-86732-206-5<br>€ 420,–</p>



<p></p>



<p><strong>Bestellungen bitte nicht an die Vereinigung, sondern über den Buchhandel oder direkt an:</strong><br><a rel="noreferrer noopener" href="http://www.lukasverlag.com" target="_blank">Lukas Verlag für Kunst- und Geistesgeschichte</a><br>Kollwitzstr. 57<br>10405 Berlin<br>Tel. (030) 44 04 92 90<br>Fax (030) 442 81 77<br>email: lukas.verlag@t-online.de</p>



<h3 class="wp-block-heading">Inhaltsverzeichnisse aller Bände</h3>



<p><strong>Band I</strong></p>



<ul class="wp-block-list"><li>Bahl, Peter: Geleitwort des Vorsitzenden der Landesgeschichtlichen Vereinigung für die Mark Brandenburg e.V., S. 9.</li><li>Liste der Spender, S. 10.</li><li>Wendland, Folkwart: Vorwort und Danksagung, S. 11&#8211;14.</li><li><em>Einleitung</em>, S. 15&#8211;18.</li><li>Zielstellung, S. 15.</li><li>Quellenlage, S. 15&#8211;16.</li><li>Arbeitsmethodik, S. 17&#8211;18.</li><li><em>Zur Geschichte der Gärten und Parke in der Mark Brandenburg und der Niederlausitz</em>, S. 19&#8211;95.</li><li>Gärten des Mittelalters, S. 19&#8211;28.</li><li>Gärten der Renaissance, S. 28&#8211;33.</li><li>Gärten des Barock, S. 33&#8211;46.</li><li>Gärten des Rokoko, S. 47&#8211;52.</li><li>Frühe – sentimental-empfindsame – landschafliche Gärten, S. 53&#8211;63.</li><li>Landschafliche Gärten und Parke, S. 64&#8211;81.</li><li>Ausklang des landschaflichen Stils nach der Mitte des 19. Jahrhunderts, S. 82&#8211;88.</li><li>Ländliche Gärten im 20. Jahrhundert, S. 89&#8211;95.</li><li><em>Typen und Ausstattung der ländlichen Gärten und Parke</em>, S. 96&#8211;113.</li><li>Typen ländlicher Gärten, S. 96&#8211;98.</li><li>Ausstattung mit Gartenarchitekturen, S. 98&#8211;99.</li><li>Orangerien, S. 99&#8211;112.</li><li>Ausstattung der Gärten mit Pflanzen, S. 112.</li><li>Unterhaltungskosten der Gärten, S. 112&#8211;113.</li><li><em>Gutsbesitzer und Gärtner</em>, S. 114&#8211;128.</li><li>Gutsbesitzer – Auftraggeber der Gärten und Parke, S. 114&#8211;116.</li><li>Gärtner – Schöpfer und Bewahrer der Gärten und Parke, S. 116&#8211;128.</li><li><em>Zum Zustand der Gärten und Parke</em>, S. 129&#8211;134.</li><li><em>Schlussbemerkungen</em>, S. 135&#8211;138.</li><li><em>Beschreibung der Gärten und Parke in der Mark Brandenburg und der Niederlausitz</em></li><li>Prignitz. Einführung, S. 139&#8211;144.</li><li>Kreis Westprignitz, S. 145&#8211;220.</li><li>Kreis Ostprignitz, S. 221&#8211;314.</li><li>Kreis Ruppin, S. 315&#8211;454.</li></ul>



<p><strong>Band II</strong></p>



<ul class="wp-block-list"><li>Uckermark. Einführung, S. 7&#8211;13.</li><li>Kreis Templin, S. 15&#8211;106.</li><li>Kreis Prenzlau, S. 107&#8211;180.</li><li>Kreis Angermünde, S. 181&#8211;276.</li><li>Barnim. Einführung, S. 277&#8211;284.</li><li>Kreis Oberbarnim, S. 285&#8211;424.</li><li>Kreis Niederbarnim, S. 425&#8211;518.</li></ul>



<p><strong>Band III</strong></p>



<ul class="wp-block-list"><li>Havelland. Einführung, S. 7&#8211;12.</li><li>Kreis Westhavelland, S. 13&#8211;82.</li><li>Kreis Osthavelland, S. 83&#8211;204.</li><li>Kreis Zauch-Belzig, S. 205&#8211;272.</li><li>Kreis Lebus und Frankfurt (Oder), S. 273&#8211;429.</li><li>Kreis Beeskow-Storkow, S. 429&#8211;490.</li><li>Kreis Teltow, S. 491&#8211;586.</li></ul>



<p><strong>Band IV</strong></p>



<ul class="wp-block-list"><li>Kreis Jüterbog-Luckenwalde, S. 7&#8211;88.</li><li>Niederlausitz, S. 89&#8211;98.</li><li>Kreis Lübben, S. 99&#8211;136.</li><li>Kreis Luckau, S. 137&#8211;220.</li><li>Kreis Cottbus, S. 221&#8211;286.</li><li>Kreis Calau, S. 287&#8211;404.</li><li>Kreis Spremberg, S. 405&#8211;426.</li><li>Kreis Guben (Anteil westlich und östlich der Neiße), S. 427&#8211;476.</li><li>Kreis Sorau (Anteil westlich und östlich der Neiße), S. 477&#8211;544.</li></ul>



<p><strong>Band V</strong></p>



<ul class="wp-block-list"><li>Neumark, S. 7&#8211;13.</li><li>Kreis Königsberg/Nm., S. 15&#8211;66.</li><li>Kreis Soldin, S. 67&#8211;94.</li><li>Kreis Arnswalde, S. 95&#8211;120.</li><li>Kreis Friedeberg, S. 121&#8211;152.</li><li>Kreis Landsberg a. d. Warthe, S. 153&#8211;182.</li><li>Land Sternberg, S. 183&#8211;185.</li><li>Kreis Weststernberg, S. 187&#8211;209.</li><li>Kreis Oststernberg, S. 211&#8211;246.</li><li>Kreis Crossen, S. 247&#8211;282.</li><li>Kreis Züllichau-Schwiebus, S. 283&#8211;316.</li><li><em>Anhang</em></li><li>Verzeichnis und Kurzbiografien der Gärtner, S. 319&#8211;390.</li><li>Einführung, S. 320.</li><li>Niemann, Alexander / Wendland, Folkwart (Bearb.): Verzeichnis der Gärtner nach Tätigkeitsorten, S. 321&#8211;344.</li><li>Niemann, Alexander / Wendland, Folkwart (Bearb.): Kurzbiographien der Gärtner, S. 345&#8211;390.</li><li>Verzeichnis der Orangerien, S. 391&#8211;392.</li><li>Verzeichnis der Orangeriepflanzen, S. 393&#8211;398.</li><li>Verteilung der Obstgehölze auf den Ämtern und Gütern (Auswahl), S. 399&#8211;401.</li><li>Verzeichnis der Abkürzungen, Siglen und alten Maßeinheiten, S. 403&#8211;406.</li><li>Quellennachweis, S. 407&#8211;412.</li><li>Literaturverzeichnis, S. 413&#8211;443.</li><li>Abbildungsnachweis, S. 445&#8211;451.</li><li>Pflanzenverzeichnis, S. 453&#8211;476.</li><li>Register der beschriebenen Gärten und Parke, S. 477&#8211;484.</li><li>Personenregister, S. 485&#8211;534.</li></ul>



<p></p>

<p>Gärten und Parke in Brandenburg.Die ländlichen Anlagen in der Mark Brandenburg und der Niederlausitz Autoren: Folkwart und Folkwin (†) Wendland.5 Bände.Berlin: Lukas Verlag, 2015. &#8211; Zus. 2.666 S., ca. 3.000 [&hellip;]</p>
