{"id":806,"date":"2020-10-06T12:15:08","date_gmt":"2020-10-06T10:15:08","guid":{"rendered":"http:\/\/geschichte-brandenburg.de\/wordpress\/?page_id=806"},"modified":"2020-10-07T14:13:48","modified_gmt":"2020-10-07T12:13:48","slug":"schriften_nf_8","status":"publish","type":"page","link":"https:\/\/geschichte-brandenburg.de\/wordpress\/schriften_nf_8\/","title":{"rendered":"Schriften_NF_8"},"content":{"rendered":"\n<h2 class=\"wp-block-heading\"><a rel=\"noreferrer noopener\" href=\"https:\/\/www.lukasverlag.com\/programm\/titel\/465-reformation-in-brandenburg.html\" target=\"_blank\">Reformation in Brandenburg<\/a><br><a rel=\"noreferrer noopener\" href=\"https:\/\/www.lukasverlag.com\/programm\/titel\/465-reformation-in-brandenburg.html\" target=\"_blank\">Verlauf | Akteure | Deutungen<\/a><\/h2>\n\n\n\n<p>Hrsg. von Frank G\u00f6se unter Mitarb. von Felix Engel.<br>Berlin: Lukas Verlag, 2017. &#8211; 344 Seiten, 21 Abb., 12 Farb- und 9 S\/W-Abb.<br>(Schriften der Landesgeschichtlichen Vereinigung f\u00fcr die Mark Brandenburg, N.F., Bd. 8).<br>ISBN: 978-3-86732-269-0<br>\u20ac 25,\u2013<\/p>\n\n\n\n<p><\/p>\n\n\n\n<p><strong>Bestellungen bitte nicht an die Vereinigung, sondern \u00fcber den Buchhandel oder direkt an:<\/strong><br><a rel=\"noreferrer noopener\" href=\"http:\/\/www.lukasverlag.com\" target=\"_blank\">Lukas Verlag f\u00fcr Kunst- und Geistesgeschichte<\/a><br>Kollwitzstr. 57<br>10405 Berlin<br>Tel. (030) 44 04 92 90<br>Fax (030) 442 81 77<br>email: lukas.verlag@t-online.de<\/p>\n\n\n\n<h3 class=\"wp-block-heading\">Inhaltsverzeichnis<\/h3>\n\n\n\n<ul class=\"wp-block-list\"><li>G\u00f6se, Frank: Ertr\u00e4ge und Desiderata der brandenburgischen Reformationsgeschichtsforschung. Eine Einf\u00fchrung, S. 7&#8211;33.<\/li><li>Quereng\u00e4sser, Alexander: Von hegemonialer \u00dcberherrschung zur Lands\u00e4ssigkeit. Die Integration der mitteldeutschen Bist\u00fcmer in die Herrschaftsverb\u00e4nde der Hohenzollern und Wettiner im Vergleich, S. 34&#8211;62.<\/li><li>Stegmann, Andreas: Deutung und Bedeutung der brandenburgischen Reformation, S. 63&#8211;92.<\/li><li>Leibetseder, Mathis: Kurf\u00fcrst und Konfession. Der Gottesdienst vom 1. November 1339 als Teil kurf\u00fcrstlicher Positionierungen im religi\u00f6sen Feld des 16. Jahrhunderts, S. 93&#8211;112.<\/li><li>Schuchard, Christiane: Die Geistlichkeit am Hof der Kurf\u00fcrsten von Brandenburg im 16. Jahrhundert, S. 113&#8211;134.<\/li><li>Engel, Felix: Die Reformation in den St\u00e4dten der Mark Brandenburg, S. 135&#8211;158.<\/li><li>Huth, Mario: \u00bbUnd ob es gleich eusserlich abgeschafft [\u2026].\u00ab. Von der Aufhebung und Nachnutzung der M\u00f6nchszisterze Himmelpfort (OHV), S. 159&#8211;200.<\/li><li>Gahlbeck, Christian: Die Reformation in der Neumark unter ihrem Herrscher, Markgraf Hans von K\u00fcstrin (1535\u20141571), S. 201&#8211;264.<\/li><li>Schnurbein, R\u00fcdiger von: Umrahmen \u2014 Umdenken \u058a Umschneidern. Wiederverwendung sakraler Kunst am Beispiel des Brandenburger Doms, S. 265&#8211;285.<\/li><li>Slenczka, Ruth: Die Wilsnacker Glocke und ihr Weg nach Berlin 1562. Landesherrliches Kirchenregiment und der Soundscape der Reformation, S. 286&#8211;300.<\/li><li>Stegmann, Andreas: Brandenburgische Reformationsgeschichte im Bild. Carl Rohlings Darstellung der Spandauer Abendmahlsfeier am 1. November 1539, S. 301&#8211;323.<\/li><li><em>Anhang<\/em><\/li><li>Register. Bearb. von Peter Bahl, S. 326&#8211;341.<\/li><li>Autorenverzeichnis, S. 342&#8211;343.<\/li><\/ul>\n","protected":false},"excerpt":{"rendered":"<p>Reformation in BrandenburgVerlauf | Akteure | Deutungen Hrsg. von Frank G\u00f6se unter Mitarb. von Felix Engel.Berlin: Lukas Verlag, 2017. &#8211; 344 Seiten, 21 Abb., 12 Farb- und 9 S\/W-Abb.(Schriften der [&hellip;]<\/p>\n","protected":false},"author":2,"featured_media":0,"parent":0,"menu_order":0,"comment_status":"closed","ping_status":"closed","template":"","meta":{"footnotes":""},"class_list":["post-806","page","type-page","status-publish","hentry"],"_links":{"self":[{"href":"https:\/\/geschichte-brandenburg.de\/wordpress\/wp-json\/wp\/v2\/pages\/806","targetHints":{"allow":["GET"]}}],"collection":[{"href":"https:\/\/geschichte-brandenburg.de\/wordpress\/wp-json\/wp\/v2\/pages"}],"about":[{"href":"https:\/\/geschichte-brandenburg.de\/wordpress\/wp-json\/wp\/v2\/types\/page"}],"author":[{"embeddable":true,"href":"https:\/\/geschichte-brandenburg.de\/wordpress\/wp-json\/wp\/v2\/users\/2"}],"replies":[{"embeddable":true,"href":"https:\/\/geschichte-brandenburg.de\/wordpress\/wp-json\/wp\/v2\/comments?post=806"}],"version-history":[{"count":7,"href":"https:\/\/geschichte-brandenburg.de\/wordpress\/wp-json\/wp\/v2\/pages\/806\/revisions"}],"predecessor-version":[{"id":909,"href":"https:\/\/geschichte-brandenburg.de\/wordpress\/wp-json\/wp\/v2\/pages\/806\/revisions\/909"}],"wp:attachment":[{"href":"https:\/\/geschichte-brandenburg.de\/wordpress\/wp-json\/wp\/v2\/media?parent=806"}],"curies":[{"name":"wp","href":"https:\/\/api.w.org\/{rel}","templated":true}]}}

<h2 class="wp-block-heading"><a rel="noreferrer noopener" href="https://www.lukasverlag.com/programm/titel/465-reformation-in-brandenburg.html" target="_blank">Reformation in Brandenburg</a><br><a rel="noreferrer noopener" href="https://www.lukasverlag.com/programm/titel/465-reformation-in-brandenburg.html" target="_blank">Verlauf | Akteure | Deutungen</a></h2>



<p>Hrsg. von Frank Göse unter Mitarb. von Felix Engel.<br>Berlin: Lukas Verlag, 2017. &#8211; 344 Seiten, 21 Abb., 12 Farb- und 9 S/W-Abb.<br>(Schriften der Landesgeschichtlichen Vereinigung für die Mark Brandenburg, N.F., Bd. 8).<br>ISBN: 978-3-86732-269-0<br>€ 25,–</p>



<p></p>



<p><strong>Bestellungen bitte nicht an die Vereinigung, sondern über den Buchhandel oder direkt an:</strong><br><a rel="noreferrer noopener" href="http://www.lukasverlag.com" target="_blank">Lukas Verlag für Kunst- und Geistesgeschichte</a><br>Kollwitzstr. 57<br>10405 Berlin<br>Tel. (030) 44 04 92 90<br>Fax (030) 442 81 77<br>email: lukas.verlag@t-online.de</p>



<h3 class="wp-block-heading">Inhaltsverzeichnis</h3>



<ul class="wp-block-list"><li>Göse, Frank: Erträge und Desiderata der brandenburgischen Reformationsgeschichtsforschung. Eine Einführung, S. 7&#8211;33.</li><li>Querengässer, Alexander: Von hegemonialer Überherrschung zur Landsässigkeit. Die Integration der mitteldeutschen Bistümer in die Herrschaftsverbände der Hohenzollern und Wettiner im Vergleich, S. 34&#8211;62.</li><li>Stegmann, Andreas: Deutung und Bedeutung der brandenburgischen Reformation, S. 63&#8211;92.</li><li>Leibetseder, Mathis: Kurfürst und Konfession. Der Gottesdienst vom 1. November 1339 als Teil kurfürstlicher Positionierungen im religiösen Feld des 16. Jahrhunderts, S. 93&#8211;112.</li><li>Schuchard, Christiane: Die Geistlichkeit am Hof der Kurfürsten von Brandenburg im 16. Jahrhundert, S. 113&#8211;134.</li><li>Engel, Felix: Die Reformation in den Städten der Mark Brandenburg, S. 135&#8211;158.</li><li>Huth, Mario: »Und ob es gleich eusserlich abgeschafft […].«. Von der Aufhebung und Nachnutzung der Mönchszisterze Himmelpfort (OHV), S. 159&#8211;200.</li><li>Gahlbeck, Christian: Die Reformation in der Neumark unter ihrem Herrscher, Markgraf Hans von Küstrin (1535—1571), S. 201&#8211;264.</li><li>Schnurbein, Rüdiger von: Umrahmen — Umdenken ֊ Umschneidern. Wiederverwendung sakraler Kunst am Beispiel des Brandenburger Doms, S. 265&#8211;285.</li><li>Slenczka, Ruth: Die Wilsnacker Glocke und ihr Weg nach Berlin 1562. Landesherrliches Kirchenregiment und der Soundscape der Reformation, S. 286&#8211;300.</li><li>Stegmann, Andreas: Brandenburgische Reformationsgeschichte im Bild. Carl Rohlings Darstellung der Spandauer Abendmahlsfeier am 1. November 1539, S. 301&#8211;323.</li><li><em>Anhang</em></li><li>Register. Bearb. von Peter Bahl, S. 326&#8211;341.</li><li>Autorenverzeichnis, S. 342&#8211;343.</li></ul>

<p>Reformation in BrandenburgVerlauf | Akteure | Deutungen Hrsg. von Frank Göse unter Mitarb. von Felix Engel.Berlin: Lukas Verlag, 2017. &#8211; 344 Seiten, 21 Abb., 12 Farb- und 9 S/W-Abb.(Schriften der [&hellip;]</p>
