{"id":810,"date":"2020-10-06T12:30:37","date_gmt":"2020-10-06T10:30:37","guid":{"rendered":"http:\/\/geschichte-brandenburg.de\/wordpress\/?page_id=810"},"modified":"2020-10-09T21:41:05","modified_gmt":"2020-10-09T19:41:05","slug":"schriften_nf_9","status":"publish","type":"page","link":"https:\/\/geschichte-brandenburg.de\/wordpress\/schriften_nf_9\/","title":{"rendered":"Schriften_NF_9"},"content":{"rendered":"\n<h3 class=\"wp-block-heading\"><a rel=\"noreferrer noopener\" href=\"https:\/\/www.lukasverlag.com\/programm\/titel\/466-die-haeuser-der-boelschestrasse-in-berlin-friedrichshagen.html\" target=\"_blank\">Die H\u00e4user der B\u00f6lschestra\u00dfe in Berlin-Friedrichshagen<\/a><br>Eine Dokumentation 1753\u20132015<\/h3>\n\n\n\n<p>Autoren: Aribert Giesche und Karl-Ludwig Lange.<br>Berlin: Lukas Verlag, 2018. &#8211; 503 Seiten, 685 Abb.<br>(Schriften der Landesgeschichtlichen Vereinigung f\u00fcr die Mark Brandenburg, N.F., Bd. 9).<br>ISBN: 978-3-86732-270-6<br>\u20ac 39,80<\/p>\n\n\n\n<p><\/p>\n\n\n\n<p><strong>Bestellungen bitte nicht an die Vereinigung, sondern \u00fcber den Buchhandel oder direkt an:<\/strong><br><a rel=\"noreferrer noopener\" href=\"http:\/\/www.lukasverlag.com\" target=\"_blank\">Lukas Verlag f\u00fcr Kunst- und Geistesgeschichte<\/a><br>Kollwitzstr. 57<br>10405 Berlin<br>Tel. (030) 44 04 92 90<br>Fax (030) 442 81 77<br>email: lukas.verlag@t-online.de<\/p>\n\n\n\n<h3 class=\"wp-block-heading\">Inhaltsverzeichnis<\/h3>\n\n\n\n<ul class=\"wp-block-list\" id=\"block-343c5bbb-5ee0-4832-a540-352046d82457\"><li>Bahl, Peter: Geleitwort des Vorsitzenden der Landesgeschichtlichen Vereinigung f\u00fcr die Mark Brandenburg e.V., S. 6&#8211;7.<\/li><li><em>Aribert Giesche<\/em>: <em>Die Bau-, Besitz- und Nutzungsgeschichte der H\u00e4user<\/em>, S. 9&#8211;346<\/li><li>Vorbemerkungen: Ziele, Quellen, Benutzungshinweise, S. 11&#8211;12.<\/li><li>Die Entwicklung Friedrichshagens seit 1753, S. 13&#8211;21.<\/li><li>Ortsplan 2015, S. 22.<\/li><li>\u00c4nderungen der Hausnummern, S. 23.<\/li><li>Signaturen des Bauaktenarchivs, S. 24.<\/li><li>Dokumentation der H\u00e4user B\u00f6lschestra\u00dfe 1 bis 137 (1753 &#8211; 2015), S. 26&#8211;260.<\/li><li>Eigent\u00fcmer und ausgew\u00e4hlte Mieter bis 1943, S. 262&#8211;346.<\/li><li><em>Karl-Ludwig Lange<\/em>: <em>Fotografische Dokumentation der B\u00f6lschestra\u00dfe<\/em>, S. 349&#8211;477<\/li><li>Vorbemerkungen, S. 350.<\/li><li>Die H\u00e4user B\u00f6lschestra\u00dfe 1 bis 137 &#8211; zwei Fotoserien von 1990 und 2003, S. 351&#8211;477.<\/li><li><em>Anhang<\/em>.<em> Bearb. von Aribert Giesche<\/em>, S. 479&#8211;503<\/li><li>Register der Familiennamen, S. 480&#8211;497.<\/li><li>Register der k\u00f6rperschaftlichen Hauseigent\u00fcmer und Mieter (Auswahl), S. 498.<\/li><li>Register der Architekten, Bauhandwerker und Baufirmen, S. 499&#8211;500.<\/li><li>Register der Ortsnamen, S. 501.<\/li><li>Register der Hausnummern, S. 502&#8211;503.<\/li><\/ul>\n","protected":false},"excerpt":{"rendered":"<p>Die H\u00e4user der B\u00f6lschestra\u00dfe in Berlin-FriedrichshagenEine Dokumentation 1753\u20132015 Autoren: Aribert Giesche und Karl-Ludwig Lange.Berlin: Lukas Verlag, 2018. &#8211; 503 Seiten, 685 Abb.(Schriften der Landesgeschichtlichen Vereinigung f\u00fcr die Mark Brandenburg, N.F., [&hellip;]<\/p>\n","protected":false},"author":2,"featured_media":0,"parent":0,"menu_order":0,"comment_status":"closed","ping_status":"closed","template":"","meta":{"footnotes":""},"class_list":["post-810","page","type-page","status-publish","hentry"],"_links":{"self":[{"href":"https:\/\/geschichte-brandenburg.de\/wordpress\/wp-json\/wp\/v2\/pages\/810","targetHints":{"allow":["GET"]}}],"collection":[{"href":"https:\/\/geschichte-brandenburg.de\/wordpress\/wp-json\/wp\/v2\/pages"}],"about":[{"href":"https:\/\/geschichte-brandenburg.de\/wordpress\/wp-json\/wp\/v2\/types\/page"}],"author":[{"embeddable":true,"href":"https:\/\/geschichte-brandenburg.de\/wordpress\/wp-json\/wp\/v2\/users\/2"}],"replies":[{"embeddable":true,"href":"https:\/\/geschichte-brandenburg.de\/wordpress\/wp-json\/wp\/v2\/comments?post=810"}],"version-history":[{"count":12,"href":"https:\/\/geschichte-brandenburg.de\/wordpress\/wp-json\/wp\/v2\/pages\/810\/revisions"}],"predecessor-version":[{"id":1025,"href":"https:\/\/geschichte-brandenburg.de\/wordpress\/wp-json\/wp\/v2\/pages\/810\/revisions\/1025"}],"wp:attachment":[{"href":"https:\/\/geschichte-brandenburg.de\/wordpress\/wp-json\/wp\/v2\/media?parent=810"}],"curies":[{"name":"wp","href":"https:\/\/api.w.org\/{rel}","templated":true}]}}