{"id":815,"date":"2020-10-06T12:41:32","date_gmt":"2020-10-06T10:41:32","guid":{"rendered":"http:\/\/geschichte-brandenburg.de\/wordpress\/?page_id=815"},"modified":"2020-10-07T11:57:07","modified_gmt":"2020-10-07T09:57:07","slug":"schriften_nf_10","status":"publish","type":"page","link":"https:\/\/geschichte-brandenburg.de\/wordpress\/schriften_nf_10\/","title":{"rendered":"Schriften_NF_10"},"content":{"rendered":"\n<h2 class=\"wp-block-heading\">Burggraf Friedrich VI. von N\u00fcrnberg<br>und die Belehnung der Burggrafen von N\u00fcrnberg mit dem Kurf\u00fcrstentum Brandenburg im Jahre 1417<\/h2>\n\n\n\n<p>Hrsg. von Mario M\u00fcller und Georg Seiderer.<br>Ansbach: Selbstverlag des Historischen Vereins f\u00fcr Mittelfranken, 2019. &#8211; XXIV, 468 S., zahlr. Abb.<br>(Jahrbuch des Historischen Vereins f\u00fcr Mittelfranken, Bd. 105; zugleich: Schriften der Landesgeschichtlichen Vereinigung f\u00fcr die Mark Brandenburg, N.F., Bd. 10).<br>ISBN 978-3-96049-071-5.<br>\u20ac 29,&#8211;<\/p>\n\n\n\n<p><\/p>\n\n\n\n<p><strong>Bestellungen bitte nicht an die Vereinigung, sondern direkt an:<\/strong><br><\/p>\n\n\n\n<p><a href=\"http:\/\/www.historischer-verein-mittelfranken.de\" target=\"_blank\" rel=\"noreferrer noopener\">Historischen Verein f\u00fcr Mittelfranken<\/a><br>Gesch\u00e4ftsstelle<br>Reitbahn 5 (Staatliche Bibliothek)<br>91522 Ansbach<br>email: info@historischer-verein-mittelfranken.de<\/p>\n\n\n\n<h3 class=\"wp-block-heading\">Inhaltsverzeichnis<\/h3>\n\n\n\n<ul class=\"wp-block-list\"><li><em>Gru\u00dfworte<\/em><\/li><li>Gru\u00dfwort des Regierungspr\u00e4sidenten und Ersten Vorsitzenden des Historischen Vereins f\u00fcr Mittelfranken Dr. Thomas Bauer bei der Tagung Burggraf Friedrich VI. von N\u00fcrnberg am 21. April 2017 in Ansbach, S. V<\/li><li>Gru\u00dfwort des Vorsitzenden der Landesgeschichtlichen Vereinigung f\u00fcr die Mark Brandenburg e.V. Dr. Peter Bahl, S. VI<\/li><li><em>Inhaltsverzeichnis<\/em>, S. VII\u2013IX<\/li><li><em>Nachrufe<\/em><\/li><li>Geidner, Oskar: Nachruf auf Regierungspr\u00e4sident a.D. Dr. h.c. Heinrich von Mosch (\u2020 2014), S. XII\u2013XIV<\/li><li>Bauer, Thomas: Nachruf auf Regierungspr\u00e4sident a.D. Karl Inhofer (\u2020 2016), S. XVI\u2013XVII<\/li><li>Seiderer, Georg: Zur Erinnerung an Dr. Gunther Schuhmann (\u2020 2017), S. XVIII\u2013XXI<\/li><li>Seyerlein, Johannes: Zur Erinnerung an Fritz Seyerlein (\u2020 2017), S. XXII\u2013XXIV<\/li><li><em>Zur Einf\u00fchrung<\/em><\/li><li>Seiderer, Georg: Burggraf Friedrich VI. von N\u00fcrnberg und die Belehnung der Burggrafen von N\u00fcrnberg mit dem Kurf\u00fcrstentum Brandenburg 1417. Zur Einf\u00fchrung , S. 3\u20135<\/li><li>M\u00fcller, Mario: Burggraf Friedrich VI. von N\u00fcrnberg, Kurf\u00fcrst von Brandenburg. Eine Skizze zum Forschungs- und \u00dcberlieferungsstand, S. 7\u201327<\/li><li><em>Von Franken in die Mark Brandenburg<\/em><\/li><li>Seyboth, Reinhard: Kurf\u00fcrst Friedrich I. von Brandenburg und seine fr\u00e4nkischen Herrschaften, S. 31\u201354<\/li><li>Flachenecker, Helmut: Die Stifts- und Klosterpolitik Burggraf Friedrichs VI. in Franken, S. 55\u201378<\/li><li>Bergstedt, Clemens: Burggraf Friedrich VI. von N\u00fcrnberg als Verweser der Mark Brandenburg, S. 79\u2013115<\/li><li>Burggraf Friedrich VI. von N\u00fcrnberg in den Aufzeichnungen des Engelbert Wusterwitz (1412\u20131423). Ein Verzeichnis der Erw\u00e4hnungen. Zsgest. von Mario M\u00fcller, S. 117\u2013122<\/li><li>Schlinker, Steffen: Die Belehnung Burggraf Friedrichs VI. von N\u00fcrnberg mit dem Kurf\u00fcrstentum Brandenburg 1415 und 1417, S. 123\u2013143<\/li><li>Karnatz, Sebastian: Die Suche nach dem Burggrafen. Die Darstellung der Belehnung Burggraf Friedrichs VI. mit der Mark Brandenburg in den Handschriften der Konzilschronik Ulrich Richentals, S. 145\u2013161<\/li><li>Burggraf Friedrich VI. von N\u00fcrnberg in der Konstanzer Konzilschronik des Ulrich Richental (1414\u20131418). Ein Verzeichnis der Erw\u00e4hnungen. Zsgest. u. mit einer kurzen Einleitung versehen von Mario M\u00fcller, S. 163\u2013167<\/li><li>Schneider, Joachim: Nur der Diener seines Herrn? Kurf\u00fcrst Friedrich I. und K\u00f6nig beziehungsweise Kaiser Sigmund, S. 169\u2013186<\/li><li><em>Nachleben<\/em><\/li><li>Moeglin, Jean-Marie: F\u00fcrstliche Ehre und dynastisches Selbstverst\u00e4ndnis. Die f\u00fcrstliche Ehre der Markgrafen von Brandenburg, S. 189\u2013200<\/li><li>Reddig, Wolfgang F.: Die Schwanenritterkapelle in Ansbach zwischen Memoria und Traditionsbildung, S. 201\u2013220<\/li><li>Seiderer, Georg: Das \u201eBurggraftum\u201c N\u00fcrnberg und das \u201eMarkgraftum\u201c Brandenburg. Zur Terminologie der hohenzollerischen F\u00fcrstent\u00fcmer in Franken, S. 221\u2013243<\/li><li>Piereth, Uta \/ Karnatz, Sebastian: \u201eHerrschaftszeiten!\u201c Sp\u00e4tmittelalterliche Geschichte am Beispiel der zollerischen Cadolzburg anschaulich erz\u00e4hlt, S. 245\u2013255<\/li><li><em>Abbildungen und Verzeichnisse<\/em><\/li><li>M\u00fcller, Mario: Chronologischer \u00dcberblick zum Leben und zur Herrschaft Burggraf Friedrichs VI. von N\u00fcrnberg, Kurf\u00fcrsten von Brandenburg (1371\u20131440), S. 259\u2013281<\/li><li>Regesten zur Biographie und Herrschaft des N\u00fcrnberger Burggrafen und Brandenburger Kurf\u00fcrsten Friedrich VI. (I.). Die erste Lebensh\u00e4lfte: von seiner Geburt im Jahr 1371 bis zum Ende des Jahres 1403. Zsgest. u. bearb. von Mario M\u00fcller, S. 283\u2013356<\/li><li>Bibliographie zu Vita und Nachleben des N\u00fcrnberger Burggrafen und Brandenburger Kurf\u00fcrsten Friedrich VI. (I.). Bearb. von Mario M\u00fcller, S. 357\u2013402<\/li><li>Abbildungen, S. 403\u2013452<\/li><li>Personen- und Ortsregister, S. 453\u2013465<\/li><li>Autorenverzeichnis, S. 467\u2013468<\/li><\/ul>\n\n\n\n<p><\/p>\n","protected":false},"excerpt":{"rendered":"<p>Burggraf Friedrich VI. von N\u00fcrnbergund die Belehnung der Burggrafen von N\u00fcrnberg mit dem Kurf\u00fcrstentum Brandenburg im Jahre 1417 Hrsg. von Mario M\u00fcller und Georg Seiderer.Ansbach: Selbstverlag des Historischen Vereins f\u00fcr [&hellip;]<\/p>\n","protected":false},"author":2,"featured_media":0,"parent":0,"menu_order":0,"comment_status":"closed","ping_status":"closed","template":"","meta":{"footnotes":""},"class_list":["post-815","page","type-page","status-publish","hentry"],"_links":{"self":[{"href":"https:\/\/geschichte-brandenburg.de\/wordpress\/wp-json\/wp\/v2\/pages\/815","targetHints":{"allow":["GET"]}}],"collection":[{"href":"https:\/\/geschichte-brandenburg.de\/wordpress\/wp-json\/wp\/v2\/pages"}],"about":[{"href":"https:\/\/geschichte-brandenburg.de\/wordpress\/wp-json\/wp\/v2\/types\/page"}],"author":[{"embeddable":true,"href":"https:\/\/geschichte-brandenburg.de\/wordpress\/wp-json\/wp\/v2\/users\/2"}],"replies":[{"embeddable":true,"href":"https:\/\/geschichte-brandenburg.de\/wordpress\/wp-json\/wp\/v2\/comments?post=815"}],"version-history":[{"count":8,"href":"https:\/\/geschichte-brandenburg.de\/wordpress\/wp-json\/wp\/v2\/pages\/815\/revisions"}],"predecessor-version":[{"id":902,"href":"https:\/\/geschichte-brandenburg.de\/wordpress\/wp-json\/wp\/v2\/pages\/815\/revisions\/902"}],"wp:attachment":[{"href":"https:\/\/geschichte-brandenburg.de\/wordpress\/wp-json\/wp\/v2\/media?parent=815"}],"curies":[{"name":"wp","href":"https:\/\/api.w.org\/{rel}","templated":true}]}}

<h2 class="wp-block-heading">Burggraf Friedrich VI. von Nürnberg<br>und die Belehnung der Burggrafen von Nürnberg mit dem Kurfürstentum Brandenburg im Jahre 1417</h2>



<p>Hrsg. von Mario Müller und Georg Seiderer.<br>Ansbach: Selbstverlag des Historischen Vereins für Mittelfranken, 2019. &#8211; XXIV, 468 S., zahlr. Abb.<br>(Jahrbuch des Historischen Vereins für Mittelfranken, Bd. 105; zugleich: Schriften der Landesgeschichtlichen Vereinigung für die Mark Brandenburg, N.F., Bd. 10).<br>ISBN 978-3-96049-071-5.<br>€ 29,&#8211;</p>



<p></p>



<p><strong>Bestellungen bitte nicht an die Vereinigung, sondern direkt an:</strong><br></p>



<p><a href="http://www.historischer-verein-mittelfranken.de" target="_blank" rel="noreferrer noopener">Historischen Verein für Mittelfranken</a><br>Geschäftsstelle<br>Reitbahn 5 (Staatliche Bibliothek)<br>91522 Ansbach<br>email: info@historischer-verein-mittelfranken.de</p>



<h3 class="wp-block-heading">Inhaltsverzeichnis</h3>



<ul class="wp-block-list"><li><em>Grußworte</em></li><li>Grußwort des Regierungspräsidenten und Ersten Vorsitzenden des Historischen Vereins für Mittelfranken Dr. Thomas Bauer bei der Tagung Burggraf Friedrich VI. von Nürnberg am 21. April 2017 in Ansbach, S. V</li><li>Grußwort des Vorsitzenden der Landesgeschichtlichen Vereinigung für die Mark Brandenburg e.V. Dr. Peter Bahl, S. VI</li><li><em>Inhaltsverzeichnis</em>, S. VII–IX</li><li><em>Nachrufe</em></li><li>Geidner, Oskar: Nachruf auf Regierungspräsident a.D. Dr. h.c. Heinrich von Mosch († 2014), S. XII–XIV</li><li>Bauer, Thomas: Nachruf auf Regierungspräsident a.D. Karl Inhofer († 2016), S. XVI–XVII</li><li>Seiderer, Georg: Zur Erinnerung an Dr. Gunther Schuhmann († 2017), S. XVIII–XXI</li><li>Seyerlein, Johannes: Zur Erinnerung an Fritz Seyerlein († 2017), S. XXII–XXIV</li><li><em>Zur Einführung</em></li><li>Seiderer, Georg: Burggraf Friedrich VI. von Nürnberg und die Belehnung der Burggrafen von Nürnberg mit dem Kurfürstentum Brandenburg 1417. Zur Einführung , S. 3–5</li><li>Müller, Mario: Burggraf Friedrich VI. von Nürnberg, Kurfürst von Brandenburg. Eine Skizze zum Forschungs- und Überlieferungsstand, S. 7–27</li><li><em>Von Franken in die Mark Brandenburg</em></li><li>Seyboth, Reinhard: Kurfürst Friedrich I. von Brandenburg und seine fränkischen Herrschaften, S. 31–54</li><li>Flachenecker, Helmut: Die Stifts- und Klosterpolitik Burggraf Friedrichs VI. in Franken, S. 55–78</li><li>Bergstedt, Clemens: Burggraf Friedrich VI. von Nürnberg als Verweser der Mark Brandenburg, S. 79–115</li><li>Burggraf Friedrich VI. von Nürnberg in den Aufzeichnungen des Engelbert Wusterwitz (1412–1423). Ein Verzeichnis der Erwähnungen. Zsgest. von Mario Müller, S. 117–122</li><li>Schlinker, Steffen: Die Belehnung Burggraf Friedrichs VI. von Nürnberg mit dem Kurfürstentum Brandenburg 1415 und 1417, S. 123–143</li><li>Karnatz, Sebastian: Die Suche nach dem Burggrafen. Die Darstellung der Belehnung Burggraf Friedrichs VI. mit der Mark Brandenburg in den Handschriften der Konzilschronik Ulrich Richentals, S. 145–161</li><li>Burggraf Friedrich VI. von Nürnberg in der Konstanzer Konzilschronik des Ulrich Richental (1414–1418). Ein Verzeichnis der Erwähnungen. Zsgest. u. mit einer kurzen Einleitung versehen von Mario Müller, S. 163–167</li><li>Schneider, Joachim: Nur der Diener seines Herrn? Kurfürst Friedrich I. und König beziehungsweise Kaiser Sigmund, S. 169–186</li><li><em>Nachleben</em></li><li>Moeglin, Jean-Marie: Fürstliche Ehre und dynastisches Selbstverständnis. Die fürstliche Ehre der Markgrafen von Brandenburg, S. 189–200</li><li>Reddig, Wolfgang F.: Die Schwanenritterkapelle in Ansbach zwischen Memoria und Traditionsbildung, S. 201–220</li><li>Seiderer, Georg: Das „Burggraftum“ Nürnberg und das „Markgraftum“ Brandenburg. Zur Terminologie der hohenzollerischen Fürstentümer in Franken, S. 221–243</li><li>Piereth, Uta / Karnatz, Sebastian: „Herrschaftszeiten!“ Spätmittelalterliche Geschichte am Beispiel der zollerischen Cadolzburg anschaulich erzählt, S. 245–255</li><li><em>Abbildungen und Verzeichnisse</em></li><li>Müller, Mario: Chronologischer Überblick zum Leben und zur Herrschaft Burggraf Friedrichs VI. von Nürnberg, Kurfürsten von Brandenburg (1371–1440), S. 259–281</li><li>Regesten zur Biographie und Herrschaft des Nürnberger Burggrafen und Brandenburger Kurfürsten Friedrich VI. (I.). Die erste Lebenshälfte: von seiner Geburt im Jahr 1371 bis zum Ende des Jahres 1403. Zsgest. u. bearb. von Mario Müller, S. 283–356</li><li>Bibliographie zu Vita und Nachleben des Nürnberger Burggrafen und Brandenburger Kurfürsten Friedrich VI. (I.). Bearb. von Mario Müller, S. 357–402</li><li>Abbildungen, S. 403–452</li><li>Personen- und Ortsregister, S. 453–465</li><li>Autorenverzeichnis, S. 467–468</li></ul>



<p></p>

<p>Burggraf Friedrich VI. von Nürnbergund die Belehnung der Burggrafen von Nürnberg mit dem Kurfürstentum Brandenburg im Jahre 1417 Hrsg. von Mario Müller und Georg Seiderer.Ansbach: Selbstverlag des Historischen Vereins für [&hellip;]</p>
