{"id":1862,"date":"2022-07-25T12:00:48","date_gmt":"2022-07-25T10:00:48","guid":{"rendered":"https:\/\/geschichte-brandenburg.de\/wordpress\/?post_type=tribe_events&#038;p=1862"},"modified":"2022-07-28T19:20:23","modified_gmt":"2022-07-28T17:20:23","slug":"150-jahre-suedende","status":"publish","type":"tribe_events","link":"https:\/\/geschichte-brandenburg.de\/wordpress\/event\/150-jahre-suedende\/","title":{"rendered":"150 Jahre S\u00fcdende"},"content":{"rendered":"<p>F\u00fchrung: Wolfgang Holtz (Berlin)<\/p>\n<p>Treffen: 16.00 Uhr, S-Bhf S\u00fcdende. \u00d6PNV: S 25, S 26; Bus 282, Anmeldung nicht erforderlich.<\/p>\n<p><em>Am 26. August 1872 ist die sp\u00e4tere Villenkolonie S\u00fcdende aus der Taufe gehoben worden. 1920 wechselte die attraktive Gemeinde des Kreises Teltow von Mariendorf nach Steglitz und wurde 1943 zu mehr als 80 % zerst\u00f6rt. Mit Rosa Luxemburg, Georg Grosz, Walter Trier, Jochen Klepper, Arnold Sch\u00f6nberg, den Familien Leineweber, Brenninkmeyer und anderen gab es hier interessante Bewohnerinnen und Bewohner. \u2013 Eine F\u00fchrung gemeinsam mit dem Verein f\u00fcr die Geschichte Berlins e.V.<\/em><\/p>\n","protected":false},"excerpt":{"rendered":"<p>F\u00fchrung: Wolfgang Holtz (Berlin) Treffen: 16.00 Uhr, S-Bhf S\u00fcdende. \u00d6PNV: S 25, S 26; Bus 282, Anmeldung nicht erforderlich. Am 26. August 1872 ist die sp\u00e4tere Villenkolonie S\u00fcdende aus der [&hellip;]<\/p>\n","protected":false},"author":2,"featured_media":0,"template":"","meta":{"_tribe_events_status":"","_tribe_events_status_reason":"","footnotes":""},"tags":[],"tribe_events_cat":[3],"class_list":["post-1862","tribe_events","type-tribe_events","status-publish","hentry","tribe_events_cat-exkursion","cat_exkursion"],"_links":{"self":[{"href":"https:\/\/geschichte-brandenburg.de\/wordpress\/wp-json\/wp\/v2\/tribe_events\/1862","targetHints":{"allow":["GET"]}}],"collection":[{"href":"https:\/\/geschichte-brandenburg.de\/wordpress\/wp-json\/wp\/v2\/tribe_events"}],"about":[{"href":"https:\/\/geschichte-brandenburg.de\/wordpress\/wp-json\/wp\/v2\/types\/tribe_events"}],"author":[{"embeddable":true,"href":"https:\/\/geschichte-brandenburg.de\/wordpress\/wp-json\/wp\/v2\/users\/2"}],"version-history":[{"count":1,"href":"https:\/\/geschichte-brandenburg.de\/wordpress\/wp-json\/wp\/v2\/tribe_events\/1862\/revisions"}],"predecessor-version":[{"id":1863,"href":"https:\/\/geschichte-brandenburg.de\/wordpress\/wp-json\/wp\/v2\/tribe_events\/1862\/revisions\/1863"}],"wp:attachment":[{"href":"https:\/\/geschichte-brandenburg.de\/wordpress\/wp-json\/wp\/v2\/media?parent=1862"}],"wp:term":[{"taxonomy":"post_tag","embeddable":true,"href":"https:\/\/geschichte-brandenburg.de\/wordpress\/wp-json\/wp\/v2\/tags?post=1862"},{"taxonomy":"tribe_events_cat","embeddable":true,"href":"https:\/\/geschichte-brandenburg.de\/wordpress\/wp-json\/wp\/v2\/tribe_events_cat?post=1862"}],"curies":[{"name":"wp","href":"https:\/\/api.w.org\/{rel}","templated":true}]}}

150 Jahre Südende

<p>Führung: Wolfgang Holtz (Berlin)</p>
<p>Treffen: 16.00 Uhr, S-Bhf Südende. ÖPNV: S 25, S 26; Bus 282, Anmeldung nicht erforderlich.</p>
<p><em>Am 26. August 1872 ist die spätere Villenkolonie Südende aus der Taufe gehoben worden. 1920 wechselte die attraktive Gemeinde des Kreises Teltow von Mariendorf nach Steglitz und wurde 1943 zu mehr als 80 % zerstört. Mit Rosa Luxemburg, Georg Grosz, Walter Trier, Jochen Klepper, Arnold Schönberg, den Familien Leineweber, Brenninkmeyer und anderen gab es hier interessante Bewohnerinnen und Bewohner. – Eine Führung gemeinsam mit dem Verein für die Geschichte Berlins e.V.</em></p>

<p>Führung: Wolfgang Holtz (Berlin) Treffen: 16.00 Uhr, S-Bhf Südende. ÖPNV: S 25, S 26; Bus 282, Anmeldung nicht erforderlich. Am 26. August 1872 ist die spätere Villenkolonie Südende aus der [&hellip;]</p>
