{"id":2250,"date":"2023-04-13T16:57:28","date_gmt":"2023-04-13T14:57:28","guid":{"rendered":"https:\/\/geschichte-brandenburg.de\/wordpress\/?post_type=tribe_events&#038;p=2250"},"modified":"2023-09-30T16:13:00","modified_gmt":"2023-09-30T14:13:00","slug":"luebbenau-das-tor-zum-spreewald","status":"publish","type":"tribe_events","link":"https:\/\/geschichte-brandenburg.de\/wordpress\/event\/luebbenau-das-tor-zum-spreewald\/","title":{"rendered":"L\u00fcbbenau &#8211; das Tor zum Spreewald [abgesagt!]"},"content":{"rendered":"<p><strong><span style=\"color: #ff0000;\">Diese Veranstaltung ist leider abgesagt.<\/span><\/strong><\/p>\n<p><strong>Leitung:<\/strong> Christian Ritter (Berlin)<\/p>\n<p><strong>Treffen:<br \/>\n<\/strong>Dienstag, 3. Oktober 2023<br \/>\n9.45 Uhr vor dem Bahnhof L\u00fcbbenau (Stadtseite).<\/p>\n<p><strong>\u00d6PNV:<\/strong><br \/>\nRE 2 z.B. 8.23 Uhr ab Berlin Hbf, 8.26 Uhr ab Berlin Friedrichstra\u00dfe u.a.<br \/>\nR\u00fcckfahrt: 17.27\/17.55 Uhr ab Bhf. L\u00fcbbenau mir RE 2\/RE 7 (u.a. st\u00fcndlich m\u00f6glich)<\/p>\n<p><strong>Verbindliche Anmeldung erbeten <span style=\"color: #ff0000;\">bis 22.09.2023<\/span> unter: <\/strong>ritter@geschichte-brandenburg.de. Maximal 25 Teilnehmer.<\/p>\n<p><em>Beim Besuch von L\u00fcbbenau wollen wir uns der wechselvollen Geschichte dieser Kleinstadt n\u00e4hern, die erst seit 1815 zur Provinz Brandenburg geh\u00f6rt. Welche Bedeutung hat(te) das Schloss der auch in Berlin nicht unbekannten Familie von Lynar einst und jetzt? L\u00fcbbenau auf Position Eins in Europa? Auch zum 20. Juli 1944 findet sich ein Bezug zum beschaulichen L\u00fcbbenau. <\/em><\/p>\n<p><em>Nat\u00fcrlich besteht auch die M\u00f6glichkeit, Spreew\u00e4lder Spezialit\u00e4ten zu genie\u00dfen, wenn wir zum Mitttagessen einkehren.<\/em><\/p>\n","protected":false},"excerpt":{"rendered":"<p>Diese Veranstaltung ist leider abgesagt. Leitung: Christian Ritter (Berlin) Treffen: Dienstag, 3. Oktober 2023 9.45 Uhr vor dem Bahnhof L\u00fcbbenau (Stadtseite). \u00d6PNV: RE 2 z.B. 8.23 Uhr ab Berlin Hbf, [&hellip;]<\/p>\n","protected":false},"author":4,"featured_media":0,"template":"","meta":{"_tribe_events_status":"","_tribe_events_status_reason":"","footnotes":""},"tags":[106,107],"tribe_events_cat":[3],"class_list":["post-2250","tribe_events","type-tribe_events","status-publish","hentry","tag-luebbenau","tag-spreewald","tribe_events_cat-exkursion","cat_exkursion"],"_links":{"self":[{"href":"https:\/\/geschichte-brandenburg.de\/wordpress\/wp-json\/wp\/v2\/tribe_events\/2250","targetHints":{"allow":["GET"]}}],"collection":[{"href":"https:\/\/geschichte-brandenburg.de\/wordpress\/wp-json\/wp\/v2\/tribe_events"}],"about":[{"href":"https:\/\/geschichte-brandenburg.de\/wordpress\/wp-json\/wp\/v2\/types\/tribe_events"}],"author":[{"embeddable":true,"href":"https:\/\/geschichte-brandenburg.de\/wordpress\/wp-json\/wp\/v2\/users\/4"}],"version-history":[{"count":4,"href":"https:\/\/geschichte-brandenburg.de\/wordpress\/wp-json\/wp\/v2\/tribe_events\/2250\/revisions"}],"predecessor-version":[{"id":2406,"href":"https:\/\/geschichte-brandenburg.de\/wordpress\/wp-json\/wp\/v2\/tribe_events\/2250\/revisions\/2406"}],"wp:attachment":[{"href":"https:\/\/geschichte-brandenburg.de\/wordpress\/wp-json\/wp\/v2\/media?parent=2250"}],"wp:term":[{"taxonomy":"post_tag","embeddable":true,"href":"https:\/\/geschichte-brandenburg.de\/wordpress\/wp-json\/wp\/v2\/tags?post=2250"},{"taxonomy":"tribe_events_cat","embeddable":true,"href":"https:\/\/geschichte-brandenburg.de\/wordpress\/wp-json\/wp\/v2\/tribe_events_cat?post=2250"}],"curies":[{"name":"wp","href":"https:\/\/api.w.org\/{rel}","templated":true}]}}

Lübbenau &#8211; das Tor zum Spreewald [abgesagt!]

<p><strong><span style="color: #ff0000;">Diese Veranstaltung ist leider abgesagt.</span></strong></p>
<p><strong>Leitung:</strong> Christian Ritter (Berlin)</p>
<p><strong>Treffen:<br />
</strong>Dienstag, 3. Oktober 2023<br />
9.45 Uhr vor dem Bahnhof Lübbenau (Stadtseite).</p>
<p><strong>ÖPNV:</strong><br />
RE 2 z.B. 8.23 Uhr ab Berlin Hbf, 8.26 Uhr ab Berlin Friedrichstraße u.a.<br />
Rückfahrt: 17.27/17.55 Uhr ab Bhf. Lübbenau mir RE 2/RE 7 (u.a. stündlich möglich)</p>
<p><strong>Verbindliche Anmeldung erbeten <span style="color: #ff0000;">bis 22.09.2023</span> unter: </strong>ritter@geschichte-brandenburg.de. Maximal 25 Teilnehmer.</p>
<p><em>Beim Besuch von Lübbenau wollen wir uns der wechselvollen Geschichte dieser Kleinstadt nähern, die erst seit 1815 zur Provinz Brandenburg gehört. Welche Bedeutung hat(te) das Schloss der auch in Berlin nicht unbekannten Familie von Lynar einst und jetzt? Lübbenau auf Position Eins in Europa? Auch zum 20. Juli 1944 findet sich ein Bezug zum beschaulichen Lübbenau. </em></p>
<p><em>Natürlich besteht auch die Möglichkeit, Spreewälder Spezialitäten zu genießen, wenn wir zum Mitttagessen einkehren.</em></p>

<p>Diese Veranstaltung ist leider abgesagt. Leitung: Christian Ritter (Berlin) Treffen: Dienstag, 3. Oktober 2023 9.45 Uhr vor dem Bahnhof Lübbenau (Stadtseite). ÖPNV: RE 2 z.B. 8.23 Uhr ab Berlin Hbf, [&hellip;]</p>
