{"id":3149,"date":"2026-02-12T17:27:17","date_gmt":"2026-02-12T16:27:17","guid":{"rendered":"https:\/\/geschichte-brandenburg.de\/wordpress\/?post_type=tribe_events&#038;p=3149"},"modified":"2026-02-12T17:29:14","modified_gmt":"2026-02-12T16:29:14","slug":"spuren-juedischen-lebens-im-scheunenviertel-der-goldenen-20er-jahre","status":"publish","type":"tribe_events","link":"https:\/\/geschichte-brandenburg.de\/wordpress\/event\/spuren-juedischen-lebens-im-scheunenviertel-der-goldenen-20er-jahre\/","title":{"rendered":"Spuren j\u00fcdischen Lebens im Scheunenviertel der goldenen 20er Jahre"},"content":{"rendered":"<p><strong>F\u00fchrung:<\/strong> N.N. (Stiftung Neue Synagoge Berlin).<\/p>\n<p><strong>Leitung:<\/strong> Kristin Wolter M.A. (Berlin).<\/p>\n<p><strong>Treffen:\u00a0<\/strong>Sonntag, 12. April 2026,\u00a09.45 Uhr vor der Neuen Synagoge Berlin \u2013 Centrum Judaicum, Oranienburger Stra\u00dfe 28\u201330, 10117 Berlin.<\/p>\n<p><strong>\u00d6PNV:<\/strong> S 1\/2\/25\/26, Tram M 1\/5 S Oranienburger Str., mit 150 m Fu\u00dfweg; S 3\/5\/7\/9 Hackescher Markt, mit 600 m Fu\u00dfweg.<\/p>\n<p><strong>Dauer:<\/strong> ca. 2 Stunden, ca. 2 km.<\/p>\n<p><strong>Teilnehmer:<\/strong> mind. 10, max. 25 Personen.<br \/>\n<strong>Kosten:<\/strong> min. \u20ac 5,\u2013, max. \u20ac 12,\u2013 \u20ac p.P., je nach Teilnehmerzahl.<\/p>\n<p><strong>Verbindliche Anmeldung<\/strong> <span style=\"color: #ff0000;\">bis 5. April 2026<\/span> bei Kristin Wolter, E-Mail: <a href=\"mailto:kristin.wolter@yahoo.de\">kristin.wolter@yahoo.de<\/a><\/p>\n<p><em>Im Fokus des Rundgangs stehen das Scheunenviertel und die Spandauer Vorstadt der 1920er Jahre. Hier trafen deutsche J\u00fcdinnen und Juden auf die neuen j\u00fcdischen Migrant:innen aus Osteuropa, die in Folge von Krieg, Hunger und Vertreibung in Berlin landeten. Entdeckt wird das bunte Mosaik aus Theatern, Schulen, Vereinen und Synagogen, in denen sich das Leben dieser Menschen abspielte. Auch \u00fcber das Scheunenviertelpogrom 1923 und die wehrhafte Selbstverteidigung j\u00fcdischer Kriegsveteranen wird berichtet. Zudem werden Pers\u00f6nlichkeiten vorgestellt, wie z.\u00a0B. Mascha Kal\u00e9ko und Dora Diamant.<\/em><\/p>\n","protected":false},"excerpt":{"rendered":"<p>F\u00fchrung: N.N. (Stiftung Neue Synagoge Berlin). Leitung: Kristin Wolter M.A. (Berlin). Treffen:\u00a0Sonntag, 12. April 2026,\u00a09.45 Uhr vor der Neuen Synagoge Berlin \u2013 Centrum Judaicum, Oranienburger Stra\u00dfe 28\u201330, 10117 Berlin. \u00d6PNV: [&hellip;]<\/p>\n","protected":false},"author":3,"featured_media":0,"template":"","meta":{"_tribe_events_status":"","_tribe_events_status_reason":"","footnotes":""},"tags":[79,225],"tribe_events_cat":[111],"class_list":["post-3149","tribe_events","type-tribe_events","status-publish","hentry","tag-juedisches-leben","tag-scheunenviertel","tribe_events_cat-fuehrung","cat_fuehrung"],"_links":{"self":[{"href":"https:\/\/geschichte-brandenburg.de\/wordpress\/wp-json\/wp\/v2\/tribe_events\/3149","targetHints":{"allow":["GET"]}}],"collection":[{"href":"https:\/\/geschichte-brandenburg.de\/wordpress\/wp-json\/wp\/v2\/tribe_events"}],"about":[{"href":"https:\/\/geschichte-brandenburg.de\/wordpress\/wp-json\/wp\/v2\/types\/tribe_events"}],"author":[{"embeddable":true,"href":"https:\/\/geschichte-brandenburg.de\/wordpress\/wp-json\/wp\/v2\/users\/3"}],"version-history":[{"count":4,"href":"https:\/\/geschichte-brandenburg.de\/wordpress\/wp-json\/wp\/v2\/tribe_events\/3149\/revisions"}],"predecessor-version":[{"id":3156,"href":"https:\/\/geschichte-brandenburg.de\/wordpress\/wp-json\/wp\/v2\/tribe_events\/3149\/revisions\/3156"}],"wp:attachment":[{"href":"https:\/\/geschichte-brandenburg.de\/wordpress\/wp-json\/wp\/v2\/media?parent=3149"}],"wp:term":[{"taxonomy":"post_tag","embeddable":true,"href":"https:\/\/geschichte-brandenburg.de\/wordpress\/wp-json\/wp\/v2\/tags?post=3149"},{"taxonomy":"tribe_events_cat","embeddable":true,"href":"https:\/\/geschichte-brandenburg.de\/wordpress\/wp-json\/wp\/v2\/tribe_events_cat?post=3149"}],"curies":[{"name":"wp","href":"https:\/\/api.w.org\/{rel}","templated":true}]}}

Spuren jüdischen Lebens im Scheunenviertel der goldenen 20er Jahre

<p><strong>Führung:</strong> N.N. (Stiftung Neue Synagoge Berlin).</p>
<p><strong>Leitung:</strong> Kristin Wolter M.A. (Berlin).</p>
<p><strong>Treffen: </strong>Sonntag, 12. April 2026, 9.45 Uhr vor der Neuen Synagoge Berlin – Centrum Judaicum, Oranienburger Straße 28–30, 10117 Berlin.</p>
<p><strong>ÖPNV:</strong> S 1/2/25/26, Tram M 1/5 S Oranienburger Str., mit 150 m Fußweg; S 3/5/7/9 Hackescher Markt, mit 600 m Fußweg.</p>
<p><strong>Dauer:</strong> ca. 2 Stunden, ca. 2 km.</p>
<p><strong>Teilnehmer:</strong> mind. 10, max. 25 Personen.<br />
<strong>Kosten:</strong> min. € 5,–, max. € 12,– € p.P., je nach Teilnehmerzahl.</p>
<p><strong>Verbindliche Anmeldung</strong> <span style="color: #ff0000;">bis 5. April 2026</span> bei Kristin Wolter, E-Mail: <a href="mailto:kristin.wolter@yahoo.de">kristin.wolter@yahoo.de</a></p>
<p><em>Im Fokus des Rundgangs stehen das Scheunenviertel und die Spandauer Vorstadt der 1920er Jahre. Hier trafen deutsche Jüdinnen und Juden auf die neuen jüdischen Migrant:innen aus Osteuropa, die in Folge von Krieg, Hunger und Vertreibung in Berlin landeten. Entdeckt wird das bunte Mosaik aus Theatern, Schulen, Vereinen und Synagogen, in denen sich das Leben dieser Menschen abspielte. Auch über das Scheunenviertelpogrom 1923 und die wehrhafte Selbstverteidigung jüdischer Kriegsveteranen wird berichtet. Zudem werden Persönlichkeiten vorgestellt, wie z. B. Mascha Kaléko und Dora Diamant.</em></p>

<p>Führung: N.N. (Stiftung Neue Synagoge Berlin). Leitung: Kristin Wolter M.A. (Berlin). Treffen: Sonntag, 12. April 2026, 9.45 Uhr vor der Neuen Synagoge Berlin – Centrum Judaicum, Oranienburger Straße 28–30, 10117 Berlin. ÖPNV: [&hellip;]</p>
