{"id":3157,"date":"2026-02-12T17:32:25","date_gmt":"2026-02-12T16:32:25","guid":{"rendered":"https:\/\/geschichte-brandenburg.de\/wordpress\/?post_type=tribe_events&#038;p=3157"},"modified":"2026-02-12T17:32:25","modified_gmt":"2026-02-12T16:32:25","slug":"107-alt-berliner-lichtbilderabend-poststrasse","status":"publish","type":"tribe_events","link":"https:\/\/geschichte-brandenburg.de\/wordpress\/event\/107-alt-berliner-lichtbilderabend-poststrasse\/","title":{"rendered":"107. Alt-Berliner Lichtbilderabend: Poststra\u00dfe"},"content":{"rendered":"<p><strong>Vortrag:<\/strong> Dr. Benedikt Goebel (Berlin).<\/p>\n<p><strong>Treffen:\u00a0<\/strong>Mittwoch, 22. April 2026,\u00a018.30 Uhr Lesesaal der Bibliothek der Landesgeschichtlichen Vereinigung, Breite Stra\u00dfe 30\u201336, 10178 Berlin-Mitte.<\/p>\n<p>Zugang nur \u00fcber den Hofeingang Schlossplatz (Diensteingang der Berliner Stadtbibliothek)! Der Lesesaal befindet sich im Zwischengeschoss, das nur \u00fcber das Treppenhaus erreichbar ist. Nicht barrierefrei, begrenzte Platzzahl!<\/p>\n<p><strong>\u00d6PNV:<\/strong> U5 Museumsinsel, Fu\u00dfweg ca. 400 m; Bus 147 Berliner Schloss, Fu\u00dfweg ca. 150 m.<\/p>\n<p><em>Die beliebte, stets lehrreiche, Historisches mit Aktuellem verbindende Veranstaltungsreihe bietet sehr genaue virtuelle topographische Stra\u00dfenwanderungen, in denen die historische Foto-\u00dcberlieferung, nach M\u00f6glichkeit f\u00fcr jedes Haus, pr\u00e4sentiert und auf Stadtpl\u00e4nen verfolgt wird. Die aktuelle Reihe geht die Stra\u00dfen alphabetisch durch.<\/em><\/p>\n<p><em>Kooperationsveranstaltung von Stiftung Mitte Berlin und Landesgeschichtlicher Vereinigung f\u00fcr die Mark Brandenburg e.V.<\/em><\/p>\n","protected":false},"excerpt":{"rendered":"<p>Vortrag: Dr. Benedikt Goebel (Berlin). Treffen:\u00a0Mittwoch, 22. April 2026,\u00a018.30 Uhr Lesesaal der Bibliothek der Landesgeschichtlichen Vereinigung, Breite Stra\u00dfe 30\u201336, 10178 Berlin-Mitte. Zugang nur \u00fcber den Hofeingang Schlossplatz (Diensteingang der Berliner [&hellip;]<\/p>\n","protected":false},"author":3,"featured_media":0,"template":"","meta":{"_tribe_events_status":"","_tribe_events_status_reason":"","footnotes":""},"tags":[207,10],"tribe_events_cat":[172,171],"class_list":["post-3157","tribe_events","type-tribe_events","status-publish","hentry","tag-alt-berlin","tag-berlin-mitte","tribe_events_cat-dr-goebel","tribe_events_cat-lichtbilderabend-berlin","cat_dr-goebel","cat_lichtbilderabend-berlin"],"_links":{"self":[{"href":"https:\/\/geschichte-brandenburg.de\/wordpress\/wp-json\/wp\/v2\/tribe_events\/3157","targetHints":{"allow":["GET"]}}],"collection":[{"href":"https:\/\/geschichte-brandenburg.de\/wordpress\/wp-json\/wp\/v2\/tribe_events"}],"about":[{"href":"https:\/\/geschichte-brandenburg.de\/wordpress\/wp-json\/wp\/v2\/types\/tribe_events"}],"author":[{"embeddable":true,"href":"https:\/\/geschichte-brandenburg.de\/wordpress\/wp-json\/wp\/v2\/users\/3"}],"version-history":[{"count":1,"href":"https:\/\/geschichte-brandenburg.de\/wordpress\/wp-json\/wp\/v2\/tribe_events\/3157\/revisions"}],"predecessor-version":[{"id":3158,"href":"https:\/\/geschichte-brandenburg.de\/wordpress\/wp-json\/wp\/v2\/tribe_events\/3157\/revisions\/3158"}],"wp:attachment":[{"href":"https:\/\/geschichte-brandenburg.de\/wordpress\/wp-json\/wp\/v2\/media?parent=3157"}],"wp:term":[{"taxonomy":"post_tag","embeddable":true,"href":"https:\/\/geschichte-brandenburg.de\/wordpress\/wp-json\/wp\/v2\/tags?post=3157"},{"taxonomy":"tribe_events_cat","embeddable":true,"href":"https:\/\/geschichte-brandenburg.de\/wordpress\/wp-json\/wp\/v2\/tribe_events_cat?post=3157"}],"curies":[{"name":"wp","href":"https:\/\/api.w.org\/{rel}","templated":true}]}}

107. Alt-Berliner Lichtbilderabend: Poststraße

<p><strong>Vortrag:</strong> Dr. Benedikt Goebel (Berlin).</p>
<p><strong>Treffen: </strong>Mittwoch, 22. April 2026, 18.30 Uhr Lesesaal der Bibliothek der Landesgeschichtlichen Vereinigung, Breite Straße 30–36, 10178 Berlin-Mitte.</p>
<p>Zugang nur über den Hofeingang Schlossplatz (Diensteingang der Berliner Stadtbibliothek)! Der Lesesaal befindet sich im Zwischengeschoss, das nur über das Treppenhaus erreichbar ist. Nicht barrierefrei, begrenzte Platzzahl!</p>
<p><strong>ÖPNV:</strong> U5 Museumsinsel, Fußweg ca. 400 m; Bus 147 Berliner Schloss, Fußweg ca. 150 m.</p>
<p><em>Die beliebte, stets lehrreiche, Historisches mit Aktuellem verbindende Veranstaltungsreihe bietet sehr genaue virtuelle topographische Straßenwanderungen, in denen die historische Foto-Überlieferung, nach Möglichkeit für jedes Haus, präsentiert und auf Stadtplänen verfolgt wird. Die aktuelle Reihe geht die Straßen alphabetisch durch.</em></p>
<p><em>Kooperationsveranstaltung von Stiftung Mitte Berlin und Landesgeschichtlicher Vereinigung für die Mark Brandenburg e.V.</em></p>

<p>Vortrag: Dr. Benedikt Goebel (Berlin). Treffen: Mittwoch, 22. April 2026, 18.30 Uhr Lesesaal der Bibliothek der Landesgeschichtlichen Vereinigung, Breite Straße 30–36, 10178 Berlin-Mitte. Zugang nur über den Hofeingang Schlossplatz (Diensteingang der Berliner [&hellip;]</p>
