{"id":3172,"date":"2026-02-12T18:00:23","date_gmt":"2026-02-12T17:00:23","guid":{"rendered":"https:\/\/geschichte-brandenburg.de\/wordpress\/?post_type=tribe_events&#038;p=3172"},"modified":"2026-02-12T18:01:41","modified_gmt":"2026-02-12T17:01:41","slug":"142-gruendungstag-der-landesgeschichtlichen-vereinigung-oberhavelseen-tour","status":"publish","type":"tribe_events","link":"https:\/\/geschichte-brandenburg.de\/wordpress\/event\/142-gruendungstag-der-landesgeschichtlichen-vereinigung-oberhavelseen-tour\/","title":{"rendered":"142. Gr\u00fcndungstag der Landesgeschichtlichen Vereinigung Oberhavelseen-Tour"},"content":{"rendered":"<p>Eine Dampferfahrt, ca. 2 Stunden.<\/p>\n<p><strong>Leitung:<\/strong> Gerhard Weiduschat (Berlin).<\/p>\n<p><strong>Treffen:\u00a0<\/strong>Mittwoch, 27. Mai 2026,\u00a012.15 Uhr, U-Bhf Alt-Tegel (U6), an der Endhaltestelle des Schienenersatzverkehrs (SEV) der U6 in der Berliner Stra\u00dfe, 13507 Berlin(-Tegel), SEV zwischen Kurt-Schumacher-Platz und Alt-Tegel; au\u00dferdem Bus 124, 125, 133, 220, 222) oder S-Bhf Tegel (S25, Bus 133, Fu\u00dfweg ca. 400 m).<\/p>\n<p>Gemeinsamer Spaziergang zur Greenwichpromenade. Abfahrt des Dampfers um 13.00 Uhr.<\/p>\n<p><strong>Kosten:<\/strong> \u20ac 19,90 p.P. f\u00fcr Vollzahler, f\u00fcr Rentnerinnen und Rentner ab 60 Jahren \u20ac 17,\u2013, bitte in bar oder mit Geldkarte an der Kasse der Stern- und Kreisschiffahrt (sic!) zahlen oder vorab auf der Webseite https:\/\/www.sternundkreis.de\/cruises\/oberhavelseen-h3\/?date=2026-05-27<\/p>\n<p><strong>Anmeldungen<\/strong> und Ausk\u00fcnfte: Gerhard Weiduschat, E-Mail: g.weiduschat@gmail.com (bevorzugt) oder Tel. 0177 200 29 02.<\/p>\n<p><i>Der Geburtstag unserer Vereinigung soll in ungezwungener Atmosph\u00e4re und mit pers\u00f6nlichen Gespr\u00e4chen begangen werden. H\u00f6hepunkte der Fahrt: Villa Borsig \u2013 Konradsh\u00f6he \u2013 Alt Heiligensee \u2013 Nieder Neuendorf \u2013 Nieder Neuendorfer See \u2013 Saatwinkler Enge mit den Inseln Valentinswerder, Baumwerder und Scharfenberg.<\/i><\/p>\n<p><em>Anschlie\u00dfend gemeinsame Einkehr m\u00f6glich. \u2013 Die Schiffstour ist barrierefrei. Speisen und Getr\u00e4nke an Bord erh\u00e4ltlich. <strong>Verzehr mitgebrachter Speisen und Getr\u00e4nke ist nicht gestattet.<\/strong><\/em><\/p>\n","protected":false},"excerpt":{"rendered":"<p>Eine Dampferfahrt, ca. 2 Stunden. Leitung: Gerhard Weiduschat (Berlin). Treffen:\u00a0Mittwoch, 27. Mai 2026,\u00a012.15 Uhr, U-Bhf Alt-Tegel (U6), an der Endhaltestelle des Schienenersatzverkehrs (SEV) der U6 in der Berliner Stra\u00dfe, 13507 [&hellip;]<\/p>\n","protected":false},"author":3,"featured_media":0,"template":"","meta":{"_tribe_events_status":"","_tribe_events_status_reason":"","footnotes":""},"tags":[],"tribe_events_cat":[],"class_list":["post-3172","tribe_events","type-tribe_events","status-publish","hentry"],"_links":{"self":[{"href":"https:\/\/geschichte-brandenburg.de\/wordpress\/wp-json\/wp\/v2\/tribe_events\/3172","targetHints":{"allow":["GET"]}}],"collection":[{"href":"https:\/\/geschichte-brandenburg.de\/wordpress\/wp-json\/wp\/v2\/tribe_events"}],"about":[{"href":"https:\/\/geschichte-brandenburg.de\/wordpress\/wp-json\/wp\/v2\/types\/tribe_events"}],"author":[{"embeddable":true,"href":"https:\/\/geschichte-brandenburg.de\/wordpress\/wp-json\/wp\/v2\/users\/3"}],"version-history":[{"count":3,"href":"https:\/\/geschichte-brandenburg.de\/wordpress\/wp-json\/wp\/v2\/tribe_events\/3172\/revisions"}],"predecessor-version":[{"id":3177,"href":"https:\/\/geschichte-brandenburg.de\/wordpress\/wp-json\/wp\/v2\/tribe_events\/3172\/revisions\/3177"}],"wp:attachment":[{"href":"https:\/\/geschichte-brandenburg.de\/wordpress\/wp-json\/wp\/v2\/media?parent=3172"}],"wp:term":[{"taxonomy":"post_tag","embeddable":true,"href":"https:\/\/geschichte-brandenburg.de\/wordpress\/wp-json\/wp\/v2\/tags?post=3172"},{"taxonomy":"tribe_events_cat","embeddable":true,"href":"https:\/\/geschichte-brandenburg.de\/wordpress\/wp-json\/wp\/v2\/tribe_events_cat?post=3172"}],"curies":[{"name":"wp","href":"https:\/\/api.w.org\/{rel}","templated":true}]}}

142. Gründungstag der Landesgeschichtlichen Vereinigung Oberhavelseen-Tour

<p>Eine Dampferfahrt, ca. 2 Stunden.</p>
<p><strong>Leitung:</strong> Gerhard Weiduschat (Berlin).</p>
<p><strong>Treffen: </strong>Mittwoch, 27. Mai 2026, 12.15 Uhr, U-Bhf Alt-Tegel (U6), an der Endhaltestelle des Schienenersatzverkehrs (SEV) der U6 in der Berliner Straße, 13507 Berlin(-Tegel), SEV zwischen Kurt-Schumacher-Platz und Alt-Tegel; außerdem Bus 124, 125, 133, 220, 222) oder S-Bhf Tegel (S25, Bus 133, Fußweg ca. 400 m).</p>
<p>Gemeinsamer Spaziergang zur Greenwichpromenade. Abfahrt des Dampfers um 13.00 Uhr.</p>
<p><strong>Kosten:</strong> € 19,90 p.P. für Vollzahler, für Rentnerinnen und Rentner ab 60 Jahren € 17,–, bitte in bar oder mit Geldkarte an der Kasse der Stern- und Kreisschiffahrt (sic!) zahlen oder vorab auf der Webseite https://www.sternundkreis.de/cruises/oberhavelseen-h3/?date=2026-05-27</p>
<p><strong>Anmeldungen</strong> und Auskünfte: Gerhard Weiduschat, E-Mail: g.weiduschat@gmail.com (bevorzugt) oder Tel. 0177 200 29 02.</p>
<p><i>Der Geburtstag unserer Vereinigung soll in ungezwungener Atmosphäre und mit persönlichen Gesprächen begangen werden. Höhepunkte der Fahrt: Villa Borsig – Konradshöhe – Alt Heiligensee – Nieder Neuendorf – Nieder Neuendorfer See – Saatwinkler Enge mit den Inseln Valentinswerder, Baumwerder und Scharfenberg.</i></p>
<p><em>Anschließend gemeinsame Einkehr möglich. – Die Schiffstour ist barrierefrei. Speisen und Getränke an Bord erhältlich. <strong>Verzehr mitgebrachter Speisen und Getränke ist nicht gestattet.</strong></em></p>

<p>Eine Dampferfahrt, ca. 2 Stunden. Leitung: Gerhard Weiduschat (Berlin). Treffen: Mittwoch, 27. Mai 2026, 12.15 Uhr, U-Bhf Alt-Tegel (U6), an der Endhaltestelle des Schienenersatzverkehrs (SEV) der U6 in der Berliner Straße, 13507 [&hellip;]</p>
