{"id":3183,"date":"2026-02-12T18:18:34","date_gmt":"2026-02-12T17:18:34","guid":{"rendered":"https:\/\/geschichte-brandenburg.de\/wordpress\/?post_type=tribe_events&#038;p=3183"},"modified":"2026-02-12T18:19:06","modified_gmt":"2026-02-12T17:19:06","slug":"die-saengerstadt-finsterwalde","status":"publish","type":"tribe_events","link":"https:\/\/geschichte-brandenburg.de\/wordpress\/event\/die-saengerstadt-finsterwalde\/","title":{"rendered":"Die S\u00e4ngerstadt Finsterwalde"},"content":{"rendered":"<p><strong>F\u00fchrung:<\/strong> Dr. Rainer Ernst (Finsterwalde; Museumsleiter i.R.).<\/p>\n<p><strong>Treffen:\u00a0<\/strong>Sonnabend, 13. Juni 2026,\u00a010.35 Uhr Bhf Finsterwalde.<\/p>\n<p><strong>\u00d6PNV:<\/strong> RE 7 nach Senftenberg, z.B. ab Wannsee 8.26, Zoologischer Garten 8.39, Friedrichstra\u00dfe 8.49, Ostkreuz 9.02 Uhr, an Calau 10.15 Uhr, Gleis 3. Umsteigen, weiter mit RE 43 nach Falkenberg (Elster) ab 10.20 Uhr, Gleis 2, an Finsterwalde 10.35 Uhr.<\/p>\n<p><strong>R\u00fcckfahrt:<\/strong> z.B. RE 43 nach Frankfurt (Oder) ab Finsterwalde 17.22 Uhr, an Calau 17.38 Uhr, Gleis 2, weiter mit RE 7 nach Dessau ab 17.43 Uhr, Gleis 1, an Wannsee 19.34 Uhr<\/p>\n<p><strong>Teilnehmer:<\/strong> min. 10, max. 25 Personen.<br \/>\n<strong>Verbindliche Anmeldung<\/strong> bis zum <span style=\"color: #ff0000;\">10. Juni 2026<\/span> bei Gerhard Weiduschat, E-Mail g.weiduschat@gmail.com<\/p>\n<p>Einkehr vorgesehen.<br \/>\n<strong>Kosten:<\/strong> in noch unbekannter H\u00f6he f\u00fcr Museumseintritt und Mittagessen.<\/p>\n<p><em>Finsterwalde, 1282 erstmals urkundlich erw\u00e4hnt, geh\u00f6rt zu den sehenswertesten Orten der Niederlausitz. Von den Zerst\u00f6rungen des Zweiten Weltkrieges weitestgehend verschont, hat er insbesondere in den letzten Jahren das Antlitz einer historisch gewachsenen und dennoch modernen und lebenswerten Stadt bewahrt und weiter ausgepr\u00e4gt.<\/em><\/p>\n<p>\u00dcber ihre reiche und h\u00f6chst spannende Geschichte \u2013 nicht nur der S\u00e4nger \u2013 informiert am Vormittag der Besuch des S\u00e4nger- und Kaufmannsmuseums. Im Fokus des Stadtrundgangs am Nachmittag stehen das j\u00fcngst restaurierte Renaissance-Schloss, in dem die Stadtverwaltung ihren Platz gefunden hat, die wundersch\u00f6ne nachgotische Trinitatiskirche und die erst 2024 eingeweihte \u201eKulturweberei\u201c, eine zur Konzerthalle umgebaute Tuchfabrik,<\/p>\n","protected":false},"excerpt":{"rendered":"<p>F\u00fchrung: Dr. Rainer Ernst (Finsterwalde; Museumsleiter i.R.). Treffen:\u00a0Sonnabend, 13. Juni 2026,\u00a010.35 Uhr Bhf Finsterwalde. \u00d6PNV: RE 7 nach Senftenberg, z.B. ab Wannsee 8.26, Zoologischer Garten 8.39, Friedrichstra\u00dfe 8.49, Ostkreuz 9.02 [&hellip;]<\/p>\n","protected":false},"author":3,"featured_media":0,"template":"","meta":{"_tribe_events_status":"","_tribe_events_status_reason":"","footnotes":""},"tags":[230],"tribe_events_cat":[3,111],"class_list":["post-3183","tribe_events","type-tribe_events","status-publish","hentry","tag-finsterwalde","tribe_events_cat-exkursion","tribe_events_cat-fuehrung","cat_exkursion","cat_fuehrung"],"_links":{"self":[{"href":"https:\/\/geschichte-brandenburg.de\/wordpress\/wp-json\/wp\/v2\/tribe_events\/3183","targetHints":{"allow":["GET"]}}],"collection":[{"href":"https:\/\/geschichte-brandenburg.de\/wordpress\/wp-json\/wp\/v2\/tribe_events"}],"about":[{"href":"https:\/\/geschichte-brandenburg.de\/wordpress\/wp-json\/wp\/v2\/types\/tribe_events"}],"author":[{"embeddable":true,"href":"https:\/\/geschichte-brandenburg.de\/wordpress\/wp-json\/wp\/v2\/users\/3"}],"version-history":[{"count":2,"href":"https:\/\/geschichte-brandenburg.de\/wordpress\/wp-json\/wp\/v2\/tribe_events\/3183\/revisions"}],"predecessor-version":[{"id":3186,"href":"https:\/\/geschichte-brandenburg.de\/wordpress\/wp-json\/wp\/v2\/tribe_events\/3183\/revisions\/3186"}],"wp:attachment":[{"href":"https:\/\/geschichte-brandenburg.de\/wordpress\/wp-json\/wp\/v2\/media?parent=3183"}],"wp:term":[{"taxonomy":"post_tag","embeddable":true,"href":"https:\/\/geschichte-brandenburg.de\/wordpress\/wp-json\/wp\/v2\/tags?post=3183"},{"taxonomy":"tribe_events_cat","embeddable":true,"href":"https:\/\/geschichte-brandenburg.de\/wordpress\/wp-json\/wp\/v2\/tribe_events_cat?post=3183"}],"curies":[{"name":"wp","href":"https:\/\/api.w.org\/{rel}","templated":true}]}}

Die Sängerstadt Finsterwalde

<p><strong>Führung:</strong> Dr. Rainer Ernst (Finsterwalde; Museumsleiter i.R.).</p>
<p><strong>Treffen: </strong>Sonnabend, 13. Juni 2026, 10.35 Uhr Bhf Finsterwalde.</p>
<p><strong>ÖPNV:</strong> RE 7 nach Senftenberg, z.B. ab Wannsee 8.26, Zoologischer Garten 8.39, Friedrichstraße 8.49, Ostkreuz 9.02 Uhr, an Calau 10.15 Uhr, Gleis 3. Umsteigen, weiter mit RE 43 nach Falkenberg (Elster) ab 10.20 Uhr, Gleis 2, an Finsterwalde 10.35 Uhr.</p>
<p><strong>Rückfahrt:</strong> z.B. RE 43 nach Frankfurt (Oder) ab Finsterwalde 17.22 Uhr, an Calau 17.38 Uhr, Gleis 2, weiter mit RE 7 nach Dessau ab 17.43 Uhr, Gleis 1, an Wannsee 19.34 Uhr</p>
<p><strong>Teilnehmer:</strong> min. 10, max. 25 Personen.<br />
<strong>Verbindliche Anmeldung</strong> bis zum <span style="color: #ff0000;">10. Juni 2026</span> bei Gerhard Weiduschat, E-Mail g.weiduschat@gmail.com</p>
<p>Einkehr vorgesehen.<br />
<strong>Kosten:</strong> in noch unbekannter Höhe für Museumseintritt und Mittagessen.</p>
<p><em>Finsterwalde, 1282 erstmals urkundlich erwähnt, gehört zu den sehenswertesten Orten der Niederlausitz. Von den Zerstörungen des Zweiten Weltkrieges weitestgehend verschont, hat er insbesondere in den letzten Jahren das Antlitz einer historisch gewachsenen und dennoch modernen und lebenswerten Stadt bewahrt und weiter ausgeprägt.</em></p>
<p>Über ihre reiche und höchst spannende Geschichte – nicht nur der Sänger – informiert am Vormittag der Besuch des Sänger- und Kaufmannsmuseums. Im Fokus des Stadtrundgangs am Nachmittag stehen das jüngst restaurierte Renaissance-Schloss, in dem die Stadtverwaltung ihren Platz gefunden hat, die wunderschöne nachgotische Trinitatiskirche und die erst 2024 eingeweihte „Kulturweberei“, eine zur Konzerthalle umgebaute Tuchfabrik,</p>

<p>Führung: Dr. Rainer Ernst (Finsterwalde; Museumsleiter i.R.). Treffen: Sonnabend, 13. Juni 2026, 10.35 Uhr Bhf Finsterwalde. ÖPNV: RE 7 nach Senftenberg, z.B. ab Wannsee 8.26, Zoologischer Garten 8.39, Friedrichstraße 8.49, Ostkreuz 9.02 [&hellip;]</p>
