{"id":3187,"date":"2026-02-12T18:24:06","date_gmt":"2026-02-12T17:24:06","guid":{"rendered":"https:\/\/geschichte-brandenburg.de\/wordpress\/?post_type=tribe_events&#038;p=3187"},"modified":"2026-03-01T18:26:36","modified_gmt":"2026-03-01T17:26:36","slug":"109-alt-berliner-lichtbilderabend-rosenstrasse-rochstrasse-rossstrasse-und-neue-rossstrasse","status":"publish","type":"tribe_events","link":"https:\/\/geschichte-brandenburg.de\/wordpress\/event\/109-alt-berliner-lichtbilderabend-rosenstrasse-rochstrasse-rossstrasse-und-neue-rossstrasse\/","title":{"rendered":"! ge\u00e4nderter Termin ! 109. Alt-Berliner Lichtbilderabend: Rosenstra\u00dfe, Rochstra\u00dfe, Ro\u00dfstra\u00dfe und Neue Ro\u00dfstra\u00dfe"},"content":{"rendered":"<p><strong>Vortrag:<\/strong> Dr. Benedikt Goebel (Berlin).<\/p>\n<p><strong>Treffen:\u00a0<\/strong>Mittwoch, <strong><span style=\"color: #ff0000;\">17. Juni<\/span><\/strong> 2026, 18.30 Uhr Lesesaal der Bibliothek der Landesgeschichtlichen Vereinigung, Breite Stra\u00dfe 30\u201336, 10178 Berlin-Mitte. Zugang nur \u00fcber den Hofeingang Schlossplatz (Diensteingang der Berliner Stadtbibliothek)!<\/p>\n<p>Der Lesesaal befindet sich im Zwischengeschoss, das nur \u00fcber das Treppenhaus erreichbar ist. Nicht barrierefrei, begrenzte Platzzahl!<\/p>\n<p><strong>\u00d6PNV:<\/strong> U5 Museumsinsel, Fu\u00dfweg ca. 400 m; Bus 147 Berliner Schloss, Fu\u00dfweg ca. 150 m.<\/p>\n<p><em>Die beliebte, stets lehrreiche, Historisches mit Aktuellem verbindende Veranstaltungsreihe bietet sehr genaue virtuelle topographische Stra\u00dfenwanderungen, in denen die historische Foto-\u00dcberlieferung, nach M\u00f6glichkeit f\u00fcr jedes Haus, pr\u00e4sentiert und auf Stadtpl\u00e4nen verfolgt wird. Die aktuelle Reihe geht die Stra\u00dfen alphabetisch durch.<\/em><\/p>\n<p><em>Kooperationsveranstaltung von Stiftung Mitte Berlin und Landesgeschichtlicher Vereinigung f\u00fcr die Mark Brandenburg e.V.<\/em><\/p>\n","protected":false},"excerpt":{"rendered":"<p>Vortrag: Dr. Benedikt Goebel (Berlin). Treffen:\u00a0Mittwoch, 17. Juni 2026, 18.30 Uhr Lesesaal der Bibliothek der Landesgeschichtlichen Vereinigung, Breite Stra\u00dfe 30\u201336, 10178 Berlin-Mitte. Zugang nur \u00fcber den Hofeingang Schlossplatz (Diensteingang der [&hellip;]<\/p>\n","protected":false},"author":3,"featured_media":0,"template":"","meta":{"_tribe_events_status":"","_tribe_events_status_reason":"","footnotes":""},"tags":[10,175],"tribe_events_cat":[172,171],"class_list":["post-3187","tribe_events","type-tribe_events","status-publish","hentry","tag-berlin-mitte","tag-dr-benedikt-goebel","tribe_events_cat-dr-goebel","tribe_events_cat-lichtbilderabend-berlin","cat_dr-goebel","cat_lichtbilderabend-berlin"],"_links":{"self":[{"href":"https:\/\/geschichte-brandenburg.de\/wordpress\/wp-json\/wp\/v2\/tribe_events\/3187","targetHints":{"allow":["GET"]}}],"collection":[{"href":"https:\/\/geschichte-brandenburg.de\/wordpress\/wp-json\/wp\/v2\/tribe_events"}],"about":[{"href":"https:\/\/geschichte-brandenburg.de\/wordpress\/wp-json\/wp\/v2\/types\/tribe_events"}],"author":[{"embeddable":true,"href":"https:\/\/geschichte-brandenburg.de\/wordpress\/wp-json\/wp\/v2\/users\/3"}],"version-history":[{"count":3,"href":"https:\/\/geschichte-brandenburg.de\/wordpress\/wp-json\/wp\/v2\/tribe_events\/3187\/revisions"}],"predecessor-version":[{"id":3195,"href":"https:\/\/geschichte-brandenburg.de\/wordpress\/wp-json\/wp\/v2\/tribe_events\/3187\/revisions\/3195"}],"wp:attachment":[{"href":"https:\/\/geschichte-brandenburg.de\/wordpress\/wp-json\/wp\/v2\/media?parent=3187"}],"wp:term":[{"taxonomy":"post_tag","embeddable":true,"href":"https:\/\/geschichte-brandenburg.de\/wordpress\/wp-json\/wp\/v2\/tags?post=3187"},{"taxonomy":"tribe_events_cat","embeddable":true,"href":"https:\/\/geschichte-brandenburg.de\/wordpress\/wp-json\/wp\/v2\/tribe_events_cat?post=3187"}],"curies":[{"name":"wp","href":"https:\/\/api.w.org\/{rel}","templated":true}]}}

! geänderter Termin ! 109. Alt-Berliner Lichtbilderabend: Rosenstraße, Rochstraße, Roßstraße und Neue Roßstraße

<p><strong>Vortrag:</strong> Dr. Benedikt Goebel (Berlin).</p>
<p><strong>Treffen: </strong>Mittwoch, <strong><span style="color: #ff0000;">17. Juni</span></strong> 2026, 18.30 Uhr Lesesaal der Bibliothek der Landesgeschichtlichen Vereinigung, Breite Straße 30–36, 10178 Berlin-Mitte. Zugang nur über den Hofeingang Schlossplatz (Diensteingang der Berliner Stadtbibliothek)!</p>
<p>Der Lesesaal befindet sich im Zwischengeschoss, das nur über das Treppenhaus erreichbar ist. Nicht barrierefrei, begrenzte Platzzahl!</p>
<p><strong>ÖPNV:</strong> U5 Museumsinsel, Fußweg ca. 400 m; Bus 147 Berliner Schloss, Fußweg ca. 150 m.</p>
<p><em>Die beliebte, stets lehrreiche, Historisches mit Aktuellem verbindende Veranstaltungsreihe bietet sehr genaue virtuelle topographische Straßenwanderungen, in denen die historische Foto-Überlieferung, nach Möglichkeit für jedes Haus, präsentiert und auf Stadtplänen verfolgt wird. Die aktuelle Reihe geht die Straßen alphabetisch durch.</em></p>
<p><em>Kooperationsveranstaltung von Stiftung Mitte Berlin und Landesgeschichtlicher Vereinigung für die Mark Brandenburg e.V.</em></p>

<p>Vortrag: Dr. Benedikt Goebel (Berlin). Treffen: Mittwoch, 17. Juni 2026, 18.30 Uhr Lesesaal der Bibliothek der Landesgeschichtlichen Vereinigung, Breite Straße 30–36, 10178 Berlin-Mitte. Zugang nur über den Hofeingang Schlossplatz (Diensteingang der [&hellip;]</p>
